{"id":1156,"date":"2022-02-09T20:50:53","date_gmt":"2022-02-09T20:50:53","guid":{"rendered":"https:\/\/mat.uab.cat\/web\/agusti\/?page_id=1156"},"modified":"2022-02-09T20:56:20","modified_gmt":"2022-02-09T20:56:20","slug":"coll-de-pal-30-05-2009","status":"publish","type":"page","link":"https:\/\/mat.uab.cat\/web\/agusti\/coll-de-pal-30-05-2009\/","title":{"rendered":"Coll de Pal (30-05-2009)"},"content":{"rendered":"<p><a href=\"http:\/\/mat.uab.cat\/web\/agusti\/wp-content\/uploads\/sites\/13\/2022\/02\/8AA76DC5-EA41-4387-B43F-9928B8CD555C_1_105_c.jpeg\"><img loading=\"lazy\" decoding=\"async\" class=\"alignnone size-medium wp-image-1157\" src=\"http:\/\/mat.uab.cat\/web\/agusti\/wp-content\/uploads\/sites\/13\/2022\/02\/8AA76DC5-EA41-4387-B43F-9928B8CD555C_1_105_c-300x225.jpeg\" alt=\"\" width=\"300\" height=\"225\" srcset=\"https:\/\/mat.uab.cat\/web\/agusti\/wp-content\/uploads\/sites\/13\/2022\/02\/8AA76DC5-EA41-4387-B43F-9928B8CD555C_1_105_c-300x225.jpeg 300w, https:\/\/mat.uab.cat\/web\/agusti\/wp-content\/uploads\/sites\/13\/2022\/02\/8AA76DC5-EA41-4387-B43F-9928B8CD555C_1_105_c-768x576.jpeg 768w, https:\/\/mat.uab.cat\/web\/agusti\/wp-content\/uploads\/sites\/13\/2022\/02\/8AA76DC5-EA41-4387-B43F-9928B8CD555C_1_105_c-624x468.jpeg 624w, https:\/\/mat.uab.cat\/web\/agusti\/wp-content\/uploads\/sites\/13\/2022\/02\/8AA76DC5-EA41-4387-B43F-9928B8CD555C_1_105_c.jpeg 1024w\" sizes=\"auto, (max-width: 300px) 100vw, 300px\" \/><\/a> <a href=\"http:\/\/mat.uab.cat\/web\/agusti\/wp-content\/uploads\/sites\/13\/2022\/02\/8544DCA2-4756-47A1-A36F-D455BAB167E8.jpeg\"><img loading=\"lazy\" decoding=\"async\" class=\"alignnone size-medium wp-image-1158\" src=\"http:\/\/mat.uab.cat\/web\/agusti\/wp-content\/uploads\/sites\/13\/2022\/02\/8544DCA2-4756-47A1-A36F-D455BAB167E8-300x225.jpeg\" alt=\"\" width=\"300\" height=\"225\" srcset=\"https:\/\/mat.uab.cat\/web\/agusti\/wp-content\/uploads\/sites\/13\/2022\/02\/8544DCA2-4756-47A1-A36F-D455BAB167E8-300x225.jpeg 300w, https:\/\/mat.uab.cat\/web\/agusti\/wp-content\/uploads\/sites\/13\/2022\/02\/8544DCA2-4756-47A1-A36F-D455BAB167E8-624x468.jpeg 624w, https:\/\/mat.uab.cat\/web\/agusti\/wp-content\/uploads\/sites\/13\/2022\/02\/8544DCA2-4756-47A1-A36F-D455BAB167E8.jpeg 640w\" sizes=\"auto, (max-width: 300px) 100vw, 300px\" \/><\/a> <a href=\"http:\/\/mat.uab.cat\/web\/agusti\/wp-content\/uploads\/sites\/13\/2022\/02\/F56362A9-0594-4A7B-9D21-7D12F943F56C_1_105_c.jpeg\"><img loading=\"lazy\" decoding=\"async\" class=\"alignnone size-medium wp-image-1159\" src=\"http:\/\/mat.uab.cat\/web\/agusti\/wp-content\/uploads\/sites\/13\/2022\/02\/F56362A9-0594-4A7B-9D21-7D12F943F56C_1_105_c-300x225.jpeg\" alt=\"\" width=\"300\" height=\"225\" srcset=\"https:\/\/mat.uab.cat\/web\/agusti\/wp-content\/uploads\/sites\/13\/2022\/02\/F56362A9-0594-4A7B-9D21-7D12F943F56C_1_105_c-300x225.jpeg 300w, https:\/\/mat.uab.cat\/web\/agusti\/wp-content\/uploads\/sites\/13\/2022\/02\/F56362A9-0594-4A7B-9D21-7D12F943F56C_1_105_c-768x576.jpeg 768w, https:\/\/mat.uab.cat\/web\/agusti\/wp-content\/uploads\/sites\/13\/2022\/02\/F56362A9-0594-4A7B-9D21-7D12F943F56C_1_105_c-624x468.jpeg 624w, https:\/\/mat.uab.cat\/web\/agusti\/wp-content\/uploads\/sites\/13\/2022\/02\/F56362A9-0594-4A7B-9D21-7D12F943F56C_1_105_c.jpeg 1024w\" sizes=\"auto, (max-width: 300px) 100vw, 300px\" \/><\/a> <a href=\"http:\/\/mat.uab.cat\/web\/agusti\/wp-content\/uploads\/sites\/13\/2022\/02\/041D8721-8785-420E-BC34-9A0B8FDAC2BD.jpeg\"><img loading=\"lazy\" decoding=\"async\" class=\"alignnone size-medium wp-image-1160\" src=\"http:\/\/mat.uab.cat\/web\/agusti\/wp-content\/uploads\/sites\/13\/2022\/02\/041D8721-8785-420E-BC34-9A0B8FDAC2BD-300x225.jpeg\" alt=\"\" width=\"300\" height=\"225\" srcset=\"https:\/\/mat.uab.cat\/web\/agusti\/wp-content\/uploads\/sites\/13\/2022\/02\/041D8721-8785-420E-BC34-9A0B8FDAC2BD-300x225.jpeg 300w, https:\/\/mat.uab.cat\/web\/agusti\/wp-content\/uploads\/sites\/13\/2022\/02\/041D8721-8785-420E-BC34-9A0B8FDAC2BD-624x468.jpeg 624w, https:\/\/mat.uab.cat\/web\/agusti\/wp-content\/uploads\/sites\/13\/2022\/02\/041D8721-8785-420E-BC34-9A0B8FDAC2BD.jpeg 640w\" sizes=\"auto, (max-width: 300px) 100vw, 300px\" \/><\/a> <a href=\"http:\/\/mat.uab.cat\/web\/agusti\/wp-content\/uploads\/sites\/13\/2022\/02\/A50D7D28-8128-406A-86FB-A483D1969D3E.jpeg\"><img loading=\"lazy\" decoding=\"async\" class=\"alignnone size-medium wp-image-1161\" src=\"http:\/\/mat.uab.cat\/web\/agusti\/wp-content\/uploads\/sites\/13\/2022\/02\/A50D7D28-8128-406A-86FB-A483D1969D3E-300x225.jpeg\" alt=\"\" width=\"300\" height=\"225\" srcset=\"https:\/\/mat.uab.cat\/web\/agusti\/wp-content\/uploads\/sites\/13\/2022\/02\/A50D7D28-8128-406A-86FB-A483D1969D3E-300x225.jpeg 300w, https:\/\/mat.uab.cat\/web\/agusti\/wp-content\/uploads\/sites\/13\/2022\/02\/A50D7D28-8128-406A-86FB-A483D1969D3E-624x468.jpeg 624w, https:\/\/mat.uab.cat\/web\/agusti\/wp-content\/uploads\/sites\/13\/2022\/02\/A50D7D28-8128-406A-86FB-A483D1969D3E.jpeg 640w\" sizes=\"auto, (max-width: 300px) 100vw, 300px\" \/><\/a> <a href=\"http:\/\/mat.uab.cat\/web\/agusti\/wp-content\/uploads\/sites\/13\/2022\/02\/121F890D-10D6-4133-B36E-5DC4AAAACE1B_1_105_c.jpeg\"><img loading=\"lazy\" decoding=\"async\" class=\"alignnone size-medium wp-image-1162\" src=\"http:\/\/mat.uab.cat\/web\/agusti\/wp-content\/uploads\/sites\/13\/2022\/02\/121F890D-10D6-4133-B36E-5DC4AAAACE1B_1_105_c-300x225.jpeg\" alt=\"\" width=\"300\" height=\"225\" srcset=\"https:\/\/mat.uab.cat\/web\/agusti\/wp-content\/uploads\/sites\/13\/2022\/02\/121F890D-10D6-4133-B36E-5DC4AAAACE1B_1_105_c-300x225.jpeg 300w, https:\/\/mat.uab.cat\/web\/agusti\/wp-content\/uploads\/sites\/13\/2022\/02\/121F890D-10D6-4133-B36E-5DC4AAAACE1B_1_105_c-768x576.jpeg 768w, https:\/\/mat.uab.cat\/web\/agusti\/wp-content\/uploads\/sites\/13\/2022\/02\/121F890D-10D6-4133-B36E-5DC4AAAACE1B_1_105_c-624x468.jpeg 624w, https:\/\/mat.uab.cat\/web\/agusti\/wp-content\/uploads\/sites\/13\/2022\/02\/121F890D-10D6-4133-B36E-5DC4AAAACE1B_1_105_c.jpeg 1024w\" sizes=\"auto, (max-width: 300px) 100vw, 300px\" \/><\/a> <a href=\"http:\/\/mat.uab.cat\/web\/agusti\/wp-content\/uploads\/sites\/13\/2022\/02\/E39BC0E8-F0FD-46E0-8164-A8F029BEA880.jpeg\"><img loading=\"lazy\" decoding=\"async\" class=\"alignnone size-medium wp-image-1163\" src=\"http:\/\/mat.uab.cat\/web\/agusti\/wp-content\/uploads\/sites\/13\/2022\/02\/E39BC0E8-F0FD-46E0-8164-A8F029BEA880-300x225.jpeg\" alt=\"\" width=\"300\" height=\"225\" srcset=\"https:\/\/mat.uab.cat\/web\/agusti\/wp-content\/uploads\/sites\/13\/2022\/02\/E39BC0E8-F0FD-46E0-8164-A8F029BEA880-300x225.jpeg 300w, https:\/\/mat.uab.cat\/web\/agusti\/wp-content\/uploads\/sites\/13\/2022\/02\/E39BC0E8-F0FD-46E0-8164-A8F029BEA880-624x468.jpeg 624w, https:\/\/mat.uab.cat\/web\/agusti\/wp-content\/uploads\/sites\/13\/2022\/02\/E39BC0E8-F0FD-46E0-8164-A8F029BEA880.jpeg 640w\" sizes=\"auto, (max-width: 300px) 100vw, 300px\" \/><\/a> <a href=\"http:\/\/mat.uab.cat\/web\/agusti\/wp-content\/uploads\/sites\/13\/2022\/02\/76A76E86-E665-4555-8545-A10273D19B43_1_105_c.jpeg\"><img loading=\"lazy\" decoding=\"async\" class=\"alignnone size-medium wp-image-1164\" src=\"http:\/\/mat.uab.cat\/web\/agusti\/wp-content\/uploads\/sites\/13\/2022\/02\/76A76E86-E665-4555-8545-A10273D19B43_1_105_c-300x225.jpeg\" alt=\"\" width=\"300\" height=\"225\" srcset=\"https:\/\/mat.uab.cat\/web\/agusti\/wp-content\/uploads\/sites\/13\/2022\/02\/76A76E86-E665-4555-8545-A10273D19B43_1_105_c-300x225.jpeg 300w, https:\/\/mat.uab.cat\/web\/agusti\/wp-content\/uploads\/sites\/13\/2022\/02\/76A76E86-E665-4555-8545-A10273D19B43_1_105_c-768x576.jpeg 768w, https:\/\/mat.uab.cat\/web\/agusti\/wp-content\/uploads\/sites\/13\/2022\/02\/76A76E86-E665-4555-8545-A10273D19B43_1_105_c-624x468.jpeg 624w, https:\/\/mat.uab.cat\/web\/agusti\/wp-content\/uploads\/sites\/13\/2022\/02\/76A76E86-E665-4555-8545-A10273D19B43_1_105_c.jpeg 1024w\" sizes=\"auto, (max-width: 300px) 100vw, 300px\" \/><\/a> <a href=\"http:\/\/mat.uab.cat\/web\/agusti\/wp-content\/uploads\/sites\/13\/2022\/02\/F5F03409-9C36-404A-8334-92B73174F200_1_105_c.jpeg\"><img loading=\"lazy\" decoding=\"async\" class=\"alignnone size-medium wp-image-1165\" src=\"http:\/\/mat.uab.cat\/web\/agusti\/wp-content\/uploads\/sites\/13\/2022\/02\/F5F03409-9C36-404A-8334-92B73174F200_1_105_c-300x225.jpeg\" alt=\"\" width=\"300\" height=\"225\" srcset=\"https:\/\/mat.uab.cat\/web\/agusti\/wp-content\/uploads\/sites\/13\/2022\/02\/F5F03409-9C36-404A-8334-92B73174F200_1_105_c-300x225.jpeg 300w, https:\/\/mat.uab.cat\/web\/agusti\/wp-content\/uploads\/sites\/13\/2022\/02\/F5F03409-9C36-404A-8334-92B73174F200_1_105_c-768x576.jpeg 768w, https:\/\/mat.uab.cat\/web\/agusti\/wp-content\/uploads\/sites\/13\/2022\/02\/F5F03409-9C36-404A-8334-92B73174F200_1_105_c-624x468.jpeg 624w, https:\/\/mat.uab.cat\/web\/agusti\/wp-content\/uploads\/sites\/13\/2022\/02\/F5F03409-9C36-404A-8334-92B73174F200_1_105_c.jpeg 1024w\" sizes=\"auto, (max-width: 300px) 100vw, 300px\" \/><\/a><\/p>\n\n\n<p>Maig 30 dissabte. Oriol\u2013Agust\u00ed. Coll de Pal. Quedem amb Oriol i Vane a Balsareny i esmorzem a Bag\u00e0. Del 4.5 al 6.5 dos km dur\u00edssims al 10%. Trobem un grupet de ciclistes a la font i seguim al primer d\u2019ells fins que veig que estic for\u00e7ant i ho deixem. La Berta i la Vane estan a dalt. Fem una foto amb la seva c\u00e0mera als ciclistes anteriors que s\u00f3n de Campdevanol. Fred baixant. Dinem a Guardiola de Bergued\u00e0. Finalment tinc al curr\u00edculum el terrible Coll de Pal. 40 km.<\/p>\n","protected":false},"excerpt":{"rendered":"<p>Maig 30 dissabte. Oriol\u2013Agust\u00ed. Coll de Pal. Quedem amb Oriol i Vane a Balsareny i esmorzem a Bag\u00e0. Del 4.5 al 6.5 dos km dur\u00edssims al 10%. Trobem un grupet de ciclistes a la font i seguim al primer d\u2019ells fins que veig que estic for\u00e7ant i ho deixem. La Berta i la Vane estan [&hellip;]<\/p>\n","protected":false},"author":19,"featured_media":0,"parent":0,"menu_order":0,"comment_status":"closed","ping_status":"closed","template":"","meta":{"footnotes":""},"class_list":["post-1156","page","type-page","status-publish","hentry"],"_links":{"self":[{"href":"https:\/\/mat.uab.cat\/web\/agusti\/wp-json\/wp\/v2\/pages\/1156","targetHints":{"allow":["GET"]}}],"collection":[{"href":"https:\/\/mat.uab.cat\/web\/agusti\/wp-json\/wp\/v2\/pages"}],"about":[{"href":"https:\/\/mat.uab.cat\/web\/agusti\/wp-json\/wp\/v2\/types\/page"}],"author":[{"embeddable":true,"href":"https:\/\/mat.uab.cat\/web\/agusti\/wp-json\/wp\/v2\/users\/19"}],"replies":[{"embeddable":true,"href":"https:\/\/mat.uab.cat\/web\/agusti\/wp-json\/wp\/v2\/comments?post=1156"}],"version-history":[{"count":2,"href":"https:\/\/mat.uab.cat\/web\/agusti\/wp-json\/wp\/v2\/pages\/1156\/revisions"}],"predecessor-version":[{"id":1172,"href":"https:\/\/mat.uab.cat\/web\/agusti\/wp-json\/wp\/v2\/pages\/1156\/revisions\/1172"}],"wp:attachment":[{"href":"https:\/\/mat.uab.cat\/web\/agusti\/wp-json\/wp\/v2\/media?parent=1156"}],"curies":[{"name":"wp","href":"https:\/\/api.w.org\/{rel}","templated":true}]}}