{"id":1521,"date":"2022-02-12T19:17:47","date_gmt":"2022-02-12T19:17:47","guid":{"rendered":"https:\/\/mat.uab.cat\/web\/agusti\/?page_id=1521"},"modified":"2022-02-12T19:23:58","modified_gmt":"2022-02-12T19:23:58","slug":"terra-de-remences","status":"publish","type":"page","link":"https:\/\/mat.uab.cat\/web\/agusti\/terra-de-remences\/","title":{"rendered":"Terra de Remences"},"content":{"rendered":"<p><a href=\"http:\/\/mat.uab.cat\/web\/agusti\/wp-content\/uploads\/sites\/13\/2022\/02\/693169B7-6072-4B70-97F8-94C729BFFC96_1_105_c.jpeg\"><img loading=\"lazy\" decoding=\"async\" class=\"alignnone size-medium wp-image-1522\" src=\"http:\/\/mat.uab.cat\/web\/agusti\/wp-content\/uploads\/sites\/13\/2022\/02\/693169B7-6072-4B70-97F8-94C729BFFC96_1_105_c-207x300.jpeg\" alt=\"\" width=\"207\" height=\"300\" srcset=\"https:\/\/mat.uab.cat\/web\/agusti\/wp-content\/uploads\/sites\/13\/2022\/02\/693169B7-6072-4B70-97F8-94C729BFFC96_1_105_c-207x300.jpeg 207w, https:\/\/mat.uab.cat\/web\/agusti\/wp-content\/uploads\/sites\/13\/2022\/02\/693169B7-6072-4B70-97F8-94C729BFFC96_1_105_c-706x1024.jpeg 706w, https:\/\/mat.uab.cat\/web\/agusti\/wp-content\/uploads\/sites\/13\/2022\/02\/693169B7-6072-4B70-97F8-94C729BFFC96_1_105_c-624x905.jpeg 624w, https:\/\/mat.uab.cat\/web\/agusti\/wp-content\/uploads\/sites\/13\/2022\/02\/693169B7-6072-4B70-97F8-94C729BFFC96_1_105_c.jpeg 736w\" sizes=\"auto, (max-width: 207px) 100vw, 207px\" \/><\/a> <a href=\"http:\/\/mat.uab.cat\/web\/agusti\/wp-content\/uploads\/sites\/13\/2022\/02\/35DFF305-07CE-47A9-BF2A-47F1F9A72F8E_1_105_c.jpeg\"><img loading=\"lazy\" decoding=\"async\" class=\"alignnone size-medium wp-image-1523\" src=\"http:\/\/mat.uab.cat\/web\/agusti\/wp-content\/uploads\/sites\/13\/2022\/02\/35DFF305-07CE-47A9-BF2A-47F1F9A72F8E_1_105_c-300x207.jpeg\" alt=\"\" width=\"300\" height=\"207\" srcset=\"https:\/\/mat.uab.cat\/web\/agusti\/wp-content\/uploads\/sites\/13\/2022\/02\/35DFF305-07CE-47A9-BF2A-47F1F9A72F8E_1_105_c-300x207.jpeg 300w, https:\/\/mat.uab.cat\/web\/agusti\/wp-content\/uploads\/sites\/13\/2022\/02\/35DFF305-07CE-47A9-BF2A-47F1F9A72F8E_1_105_c-1024x707.jpeg 1024w, https:\/\/mat.uab.cat\/web\/agusti\/wp-content\/uploads\/sites\/13\/2022\/02\/35DFF305-07CE-47A9-BF2A-47F1F9A72F8E_1_105_c-768x530.jpeg 768w, https:\/\/mat.uab.cat\/web\/agusti\/wp-content\/uploads\/sites\/13\/2022\/02\/35DFF305-07CE-47A9-BF2A-47F1F9A72F8E_1_105_c-624x431.jpeg 624w, https:\/\/mat.uab.cat\/web\/agusti\/wp-content\/uploads\/sites\/13\/2022\/02\/35DFF305-07CE-47A9-BF2A-47F1F9A72F8E_1_105_c.jpeg 1067w\" sizes=\"auto, (max-width: 300px) 100vw, 300px\" \/><\/a> <a href=\"http:\/\/mat.uab.cat\/web\/agusti\/wp-content\/uploads\/sites\/13\/2022\/02\/9EA66C78-17CB-47BF-9927-2D579AAACB9F.jpeg\"><img loading=\"lazy\" decoding=\"async\" class=\"alignnone size-medium wp-image-1524\" src=\"http:\/\/mat.uab.cat\/web\/agusti\/wp-content\/uploads\/sites\/13\/2022\/02\/9EA66C78-17CB-47BF-9927-2D579AAACB9F-300x196.jpeg\" alt=\"\" width=\"300\" height=\"196\" srcset=\"https:\/\/mat.uab.cat\/web\/agusti\/wp-content\/uploads\/sites\/13\/2022\/02\/9EA66C78-17CB-47BF-9927-2D579AAACB9F-300x196.jpeg 300w, https:\/\/mat.uab.cat\/web\/agusti\/wp-content\/uploads\/sites\/13\/2022\/02\/9EA66C78-17CB-47BF-9927-2D579AAACB9F-1024x670.jpeg 1024w, https:\/\/mat.uab.cat\/web\/agusti\/wp-content\/uploads\/sites\/13\/2022\/02\/9EA66C78-17CB-47BF-9927-2D579AAACB9F-768x502.jpeg 768w, https:\/\/mat.uab.cat\/web\/agusti\/wp-content\/uploads\/sites\/13\/2022\/02\/9EA66C78-17CB-47BF-9927-2D579AAACB9F-1536x1005.jpeg 1536w, https:\/\/mat.uab.cat\/web\/agusti\/wp-content\/uploads\/sites\/13\/2022\/02\/9EA66C78-17CB-47BF-9927-2D579AAACB9F-624x408.jpeg 624w, https:\/\/mat.uab.cat\/web\/agusti\/wp-content\/uploads\/sites\/13\/2022\/02\/9EA66C78-17CB-47BF-9927-2D579AAACB9F.jpeg 1752w\" sizes=\"auto, (max-width: 300px) 100vw, 300px\" \/><\/a> <a href=\"http:\/\/mat.uab.cat\/web\/agusti\/wp-content\/uploads\/sites\/13\/2022\/02\/21905C0E-0E1E-4E80-87CC-7FF3561493D3.jpeg\"><img loading=\"lazy\" decoding=\"async\" class=\"alignnone size-medium wp-image-1525\" src=\"http:\/\/mat.uab.cat\/web\/agusti\/wp-content\/uploads\/sites\/13\/2022\/02\/21905C0E-0E1E-4E80-87CC-7FF3561493D3-300x196.jpeg\" alt=\"\" width=\"300\" height=\"196\" srcset=\"https:\/\/mat.uab.cat\/web\/agusti\/wp-content\/uploads\/sites\/13\/2022\/02\/21905C0E-0E1E-4E80-87CC-7FF3561493D3-300x196.jpeg 300w, https:\/\/mat.uab.cat\/web\/agusti\/wp-content\/uploads\/sites\/13\/2022\/02\/21905C0E-0E1E-4E80-87CC-7FF3561493D3-1024x670.jpeg 1024w, https:\/\/mat.uab.cat\/web\/agusti\/wp-content\/uploads\/sites\/13\/2022\/02\/21905C0E-0E1E-4E80-87CC-7FF3561493D3-768x502.jpeg 768w, https:\/\/mat.uab.cat\/web\/agusti\/wp-content\/uploads\/sites\/13\/2022\/02\/21905C0E-0E1E-4E80-87CC-7FF3561493D3-1536x1005.jpeg 1536w, https:\/\/mat.uab.cat\/web\/agusti\/wp-content\/uploads\/sites\/13\/2022\/02\/21905C0E-0E1E-4E80-87CC-7FF3561493D3-624x408.jpeg 624w, https:\/\/mat.uab.cat\/web\/agusti\/wp-content\/uploads\/sites\/13\/2022\/02\/21905C0E-0E1E-4E80-87CC-7FF3561493D3.jpeg 1752w\" sizes=\"auto, (max-width: 300px) 100vw, 300px\" \/><\/a> <a href=\"http:\/\/mat.uab.cat\/web\/agusti\/wp-content\/uploads\/sites\/13\/2022\/02\/BB57B4AF-AD95-477B-8E60-451FEBBABE40.jpeg\"><img loading=\"lazy\" decoding=\"async\" class=\"alignnone size-medium wp-image-1526\" src=\"http:\/\/mat.uab.cat\/web\/agusti\/wp-content\/uploads\/sites\/13\/2022\/02\/BB57B4AF-AD95-477B-8E60-451FEBBABE40-300x196.jpeg\" alt=\"\" width=\"300\" height=\"196\" srcset=\"https:\/\/mat.uab.cat\/web\/agusti\/wp-content\/uploads\/sites\/13\/2022\/02\/BB57B4AF-AD95-477B-8E60-451FEBBABE40-300x196.jpeg 300w, https:\/\/mat.uab.cat\/web\/agusti\/wp-content\/uploads\/sites\/13\/2022\/02\/BB57B4AF-AD95-477B-8E60-451FEBBABE40-1024x670.jpeg 1024w, https:\/\/mat.uab.cat\/web\/agusti\/wp-content\/uploads\/sites\/13\/2022\/02\/BB57B4AF-AD95-477B-8E60-451FEBBABE40-768x502.jpeg 768w, https:\/\/mat.uab.cat\/web\/agusti\/wp-content\/uploads\/sites\/13\/2022\/02\/BB57B4AF-AD95-477B-8E60-451FEBBABE40-1536x1005.jpeg 1536w, https:\/\/mat.uab.cat\/web\/agusti\/wp-content\/uploads\/sites\/13\/2022\/02\/BB57B4AF-AD95-477B-8E60-451FEBBABE40-624x408.jpeg 624w, https:\/\/mat.uab.cat\/web\/agusti\/wp-content\/uploads\/sites\/13\/2022\/02\/BB57B4AF-AD95-477B-8E60-451FEBBABE40.jpeg 1752w\" sizes=\"auto, (max-width: 300px) 100vw, 300px\" \/><\/a> <a href=\"http:\/\/mat.uab.cat\/web\/agusti\/wp-content\/uploads\/sites\/13\/2022\/02\/2F8829B5-21F4-4E4A-90A7-EE65FEB0C973.jpeg\"><img loading=\"lazy\" decoding=\"async\" class=\"alignnone size-medium wp-image-1527\" src=\"http:\/\/mat.uab.cat\/web\/agusti\/wp-content\/uploads\/sites\/13\/2022\/02\/2F8829B5-21F4-4E4A-90A7-EE65FEB0C973-300x190.jpeg\" alt=\"\" width=\"300\" height=\"190\" srcset=\"https:\/\/mat.uab.cat\/web\/agusti\/wp-content\/uploads\/sites\/13\/2022\/02\/2F8829B5-21F4-4E4A-90A7-EE65FEB0C973-300x190.jpeg 300w, https:\/\/mat.uab.cat\/web\/agusti\/wp-content\/uploads\/sites\/13\/2022\/02\/2F8829B5-21F4-4E4A-90A7-EE65FEB0C973-1024x647.jpeg 1024w, https:\/\/mat.uab.cat\/web\/agusti\/wp-content\/uploads\/sites\/13\/2022\/02\/2F8829B5-21F4-4E4A-90A7-EE65FEB0C973-768x486.jpeg 768w, https:\/\/mat.uab.cat\/web\/agusti\/wp-content\/uploads\/sites\/13\/2022\/02\/2F8829B5-21F4-4E4A-90A7-EE65FEB0C973-1536x971.jpeg 1536w, https:\/\/mat.uab.cat\/web\/agusti\/wp-content\/uploads\/sites\/13\/2022\/02\/2F8829B5-21F4-4E4A-90A7-EE65FEB0C973-624x395.jpeg 624w, https:\/\/mat.uab.cat\/web\/agusti\/wp-content\/uploads\/sites\/13\/2022\/02\/2F8829B5-21F4-4E4A-90A7-EE65FEB0C973.jpeg 1746w\" sizes=\"auto, (max-width: 300px) 100vw, 300px\" \/><\/a> <a href=\"http:\/\/mat.uab.cat\/web\/agusti\/wp-content\/uploads\/sites\/13\/2022\/02\/110FD00F-B57D-49EC-9F52-973F56F8BAB6.jpeg\"><img loading=\"lazy\" decoding=\"async\" class=\"alignnone size-medium wp-image-1528\" src=\"http:\/\/mat.uab.cat\/web\/agusti\/wp-content\/uploads\/sites\/13\/2022\/02\/110FD00F-B57D-49EC-9F52-973F56F8BAB6-300x190.jpeg\" alt=\"\" width=\"300\" height=\"190\" srcset=\"https:\/\/mat.uab.cat\/web\/agusti\/wp-content\/uploads\/sites\/13\/2022\/02\/110FD00F-B57D-49EC-9F52-973F56F8BAB6-300x190.jpeg 300w, https:\/\/mat.uab.cat\/web\/agusti\/wp-content\/uploads\/sites\/13\/2022\/02\/110FD00F-B57D-49EC-9F52-973F56F8BAB6-1024x647.jpeg 1024w, https:\/\/mat.uab.cat\/web\/agusti\/wp-content\/uploads\/sites\/13\/2022\/02\/110FD00F-B57D-49EC-9F52-973F56F8BAB6-768x486.jpeg 768w, https:\/\/mat.uab.cat\/web\/agusti\/wp-content\/uploads\/sites\/13\/2022\/02\/110FD00F-B57D-49EC-9F52-973F56F8BAB6-1536x971.jpeg 1536w, https:\/\/mat.uab.cat\/web\/agusti\/wp-content\/uploads\/sites\/13\/2022\/02\/110FD00F-B57D-49EC-9F52-973F56F8BAB6-624x395.jpeg 624w, https:\/\/mat.uab.cat\/web\/agusti\/wp-content\/uploads\/sites\/13\/2022\/02\/110FD00F-B57D-49EC-9F52-973F56F8BAB6.jpeg 1746w\" sizes=\"auto, (max-width: 300px) 100vw, 300px\" \/><\/a> <a href=\"http:\/\/mat.uab.cat\/web\/agusti\/wp-content\/uploads\/sites\/13\/2022\/02\/070415C9-35CD-4240-B457-42C926E04B7E.jpeg\"><img loading=\"lazy\" decoding=\"async\" class=\"alignnone size-medium wp-image-1529\" src=\"http:\/\/mat.uab.cat\/web\/agusti\/wp-content\/uploads\/sites\/13\/2022\/02\/070415C9-35CD-4240-B457-42C926E04B7E-300x190.jpeg\" alt=\"\" width=\"300\" height=\"190\" srcset=\"https:\/\/mat.uab.cat\/web\/agusti\/wp-content\/uploads\/sites\/13\/2022\/02\/070415C9-35CD-4240-B457-42C926E04B7E-300x190.jpeg 300w, https:\/\/mat.uab.cat\/web\/agusti\/wp-content\/uploads\/sites\/13\/2022\/02\/070415C9-35CD-4240-B457-42C926E04B7E-1024x647.jpeg 1024w, https:\/\/mat.uab.cat\/web\/agusti\/wp-content\/uploads\/sites\/13\/2022\/02\/070415C9-35CD-4240-B457-42C926E04B7E-768x486.jpeg 768w, https:\/\/mat.uab.cat\/web\/agusti\/wp-content\/uploads\/sites\/13\/2022\/02\/070415C9-35CD-4240-B457-42C926E04B7E-1536x971.jpeg 1536w, https:\/\/mat.uab.cat\/web\/agusti\/wp-content\/uploads\/sites\/13\/2022\/02\/070415C9-35CD-4240-B457-42C926E04B7E-624x395.jpeg 624w, https:\/\/mat.uab.cat\/web\/agusti\/wp-content\/uploads\/sites\/13\/2022\/02\/070415C9-35CD-4240-B457-42C926E04B7E.jpeg 1746w\" sizes=\"auto, (max-width: 300px) 100vw, 300px\" \/><\/a> <a href=\"http:\/\/mat.uab.cat\/web\/agusti\/wp-content\/uploads\/sites\/13\/2022\/02\/059014D4-AC78-4EA0-BA55-E2B4020D797E.jpeg\"><img loading=\"lazy\" decoding=\"async\" class=\"alignnone size-medium wp-image-1530\" src=\"http:\/\/mat.uab.cat\/web\/agusti\/wp-content\/uploads\/sites\/13\/2022\/02\/059014D4-AC78-4EA0-BA55-E2B4020D797E-300x190.jpeg\" alt=\"\" width=\"300\" height=\"190\" srcset=\"https:\/\/mat.uab.cat\/web\/agusti\/wp-content\/uploads\/sites\/13\/2022\/02\/059014D4-AC78-4EA0-BA55-E2B4020D797E-300x190.jpeg 300w, https:\/\/mat.uab.cat\/web\/agusti\/wp-content\/uploads\/sites\/13\/2022\/02\/059014D4-AC78-4EA0-BA55-E2B4020D797E-1024x647.jpeg 1024w, https:\/\/mat.uab.cat\/web\/agusti\/wp-content\/uploads\/sites\/13\/2022\/02\/059014D4-AC78-4EA0-BA55-E2B4020D797E-768x486.jpeg 768w, https:\/\/mat.uab.cat\/web\/agusti\/wp-content\/uploads\/sites\/13\/2022\/02\/059014D4-AC78-4EA0-BA55-E2B4020D797E-1536x971.jpeg 1536w, https:\/\/mat.uab.cat\/web\/agusti\/wp-content\/uploads\/sites\/13\/2022\/02\/059014D4-AC78-4EA0-BA55-E2B4020D797E-624x395.jpeg 624w, https:\/\/mat.uab.cat\/web\/agusti\/wp-content\/uploads\/sites\/13\/2022\/02\/059014D4-AC78-4EA0-BA55-E2B4020D797E.jpeg 1746w\" sizes=\"auto, (max-width: 300px) 100vw, 300px\" \/><\/a> <a href=\"http:\/\/mat.uab.cat\/web\/agusti\/wp-content\/uploads\/sites\/13\/2022\/02\/6022B8C7-7598-4C93-BA05-308239F8C304.jpeg\"><img loading=\"lazy\" decoding=\"async\" class=\"alignnone size-medium wp-image-1531\" src=\"http:\/\/mat.uab.cat\/web\/agusti\/wp-content\/uploads\/sites\/13\/2022\/02\/6022B8C7-7598-4C93-BA05-308239F8C304-195x300.jpeg\" alt=\"\" width=\"195\" height=\"300\" srcset=\"https:\/\/mat.uab.cat\/web\/agusti\/wp-content\/uploads\/sites\/13\/2022\/02\/6022B8C7-7598-4C93-BA05-308239F8C304-195x300.jpeg 195w, https:\/\/mat.uab.cat\/web\/agusti\/wp-content\/uploads\/sites\/13\/2022\/02\/6022B8C7-7598-4C93-BA05-308239F8C304-664x1024.jpeg 664w, https:\/\/mat.uab.cat\/web\/agusti\/wp-content\/uploads\/sites\/13\/2022\/02\/6022B8C7-7598-4C93-BA05-308239F8C304-768x1184.jpeg 768w, https:\/\/mat.uab.cat\/web\/agusti\/wp-content\/uploads\/sites\/13\/2022\/02\/6022B8C7-7598-4C93-BA05-308239F8C304-996x1536.jpeg 996w, https:\/\/mat.uab.cat\/web\/agusti\/wp-content\/uploads\/sites\/13\/2022\/02\/6022B8C7-7598-4C93-BA05-308239F8C304-624x962.jpeg 624w, https:\/\/mat.uab.cat\/web\/agusti\/wp-content\/uploads\/sites\/13\/2022\/02\/6022B8C7-7598-4C93-BA05-308239F8C304.jpeg 1140w\" sizes=\"auto, (max-width: 195px) 100vw, 195px\" \/><\/a><\/p>\n\n\n<ol class=\"wp-block-list\" start=\"1482\"><li>Maig 14 diumenge. Berta\u2013Agust\u00ed. [III Terra de Remences]. Vall d\u2019en Bas, Capsacosta, Ripoll, Coll de Canes, Olot, Castellfollit, Esponell\u00e0, Banyoles, Mieres, Sta Pau, Olot, Vall d\u2019en Bas. Ens llevem a les 5:45. Aviem quedat amb Aliot i Anna per\u00f2 no els trobem. Dificultats per accedir al recinte per agafar els dorsals. Vaig a deixar les bosses al cotxe i arribo tard a la sortida. Berta ha sortit amb Nicolau i Olga. Els deixo ja que ells fan la curta, 90 km. A dalt el Capsacosta agafo Pere L\u00f3pez. A l\u2019avituallament del Coll de Cannes hi ha Guillem, Alfons, Albert i Chico jr. Em despenjo d\u2019ells ja que no vull for\u00e7ar. Baixada a 66 km\/h. Albert fa la curta. Els dem\u00e9s seguim fins un avituallament a 15 km de Banyoles on menjo taronja. Faig una pujada excepcional de Mieres a Sta Pau. Aquest any calculo b\u00e9 els 160 km a dalt Sta Pau. M\u2019avancen en cotxe les sres Iturralde i els hi dic que els seus marits ja venen. No tinc una rampa fins el km 171.5. Alfons ha tingut un pajar\u00f3n hi ha vomitat. La Berta \u00e9s all\u00e0 fa estona i sembla que ha anat b\u00e9. 175 km.<\/li><\/ol>\n","protected":false},"excerpt":{"rendered":"<p>Maig 14 diumenge. Berta\u2013Agust\u00ed. [III Terra de Remences]. Vall d\u2019en Bas, Capsacosta, Ripoll, Coll de Canes, Olot, Castellfollit, Esponell\u00e0, Banyoles, Mieres, Sta Pau, Olot, Vall d\u2019en Bas. Ens llevem a les 5:45. Aviem quedat amb Aliot i Anna per\u00f2 no els trobem. Dificultats per accedir al recinte per agafar els dorsals. Vaig a deixar les [&hellip;]<\/p>\n","protected":false},"author":19,"featured_media":0,"parent":0,"menu_order":0,"comment_status":"closed","ping_status":"closed","template":"","meta":{"footnotes":""},"class_list":["post-1521","page","type-page","status-publish","hentry"],"_links":{"self":[{"href":"https:\/\/mat.uab.cat\/web\/agusti\/wp-json\/wp\/v2\/pages\/1521","targetHints":{"allow":["GET"]}}],"collection":[{"href":"https:\/\/mat.uab.cat\/web\/agusti\/wp-json\/wp\/v2\/pages"}],"about":[{"href":"https:\/\/mat.uab.cat\/web\/agusti\/wp-json\/wp\/v2\/types\/page"}],"author":[{"embeddable":true,"href":"https:\/\/mat.uab.cat\/web\/agusti\/wp-json\/wp\/v2\/users\/19"}],"replies":[{"embeddable":true,"href":"https:\/\/mat.uab.cat\/web\/agusti\/wp-json\/wp\/v2\/comments?post=1521"}],"version-history":[{"count":2,"href":"https:\/\/mat.uab.cat\/web\/agusti\/wp-json\/wp\/v2\/pages\/1521\/revisions"}],"predecessor-version":[{"id":1536,"href":"https:\/\/mat.uab.cat\/web\/agusti\/wp-json\/wp\/v2\/pages\/1521\/revisions\/1536"}],"wp:attachment":[{"href":"https:\/\/mat.uab.cat\/web\/agusti\/wp-json\/wp\/v2\/media?parent=1521"}],"curies":[{"name":"wp","href":"https:\/\/api.w.org\/{rel}","templated":true}]}}