{"id":1548,"date":"2022-02-13T10:52:34","date_gmt":"2022-02-13T10:52:34","guid":{"rendered":"https:\/\/mat.uab.cat\/web\/agusti\/?page_id=1548"},"modified":"2022-02-13T10:56:16","modified_gmt":"2022-02-13T10:56:16","slug":"terra-de-remences-3","status":"publish","type":"page","link":"https:\/\/mat.uab.cat\/web\/agusti\/terra-de-remences-3\/","title":{"rendered":"Terra de Remences"},"content":{"rendered":"<p><a href=\"http:\/\/mat.uab.cat\/web\/agusti\/wp-content\/uploads\/sites\/13\/2022\/02\/405A0866-746C-4787-92C4-EEBEFB2F957F_1_105_c.jpeg\"><img loading=\"lazy\" decoding=\"async\" class=\"alignnone  wp-image-1549\" src=\"http:\/\/mat.uab.cat\/web\/agusti\/wp-content\/uploads\/sites\/13\/2022\/02\/405A0866-746C-4787-92C4-EEBEFB2F957F_1_105_c-212x300.jpeg\" alt=\"\" width=\"495\" height=\"700\" srcset=\"https:\/\/mat.uab.cat\/web\/agusti\/wp-content\/uploads\/sites\/13\/2022\/02\/405A0866-746C-4787-92C4-EEBEFB2F957F_1_105_c-212x300.jpeg 212w, https:\/\/mat.uab.cat\/web\/agusti\/wp-content\/uploads\/sites\/13\/2022\/02\/405A0866-746C-4787-92C4-EEBEFB2F957F_1_105_c-723x1024.jpeg 723w, https:\/\/mat.uab.cat\/web\/agusti\/wp-content\/uploads\/sites\/13\/2022\/02\/405A0866-746C-4787-92C4-EEBEFB2F957F_1_105_c-624x884.jpeg 624w, https:\/\/mat.uab.cat\/web\/agusti\/wp-content\/uploads\/sites\/13\/2022\/02\/405A0866-746C-4787-92C4-EEBEFB2F957F_1_105_c.jpeg 745w\" sizes=\"auto, (max-width: 495px) 100vw, 495px\" \/><\/a><\/p>\n\n\n<ol class=\"wp-block-list\" start=\"1602\"><li>Maig 13 diumenge. [IV Terra de Remences]. St Esteve d\u2019en Bas, Capsacosta, Ripoll, Coll de Canes, Besal\u00fa, Crespi\u00e0, Banyoles, St Pau, St Esteve. Ahir la Berta va fer Coll Formic. Varem trobar Lloren\u00e7 Guillamet i Quico al Brull. Dormim a Vilallonga. Vaig amb Quimet Alfaro. Trobem Magret amb qui parlo pujant Canes. La Berta est\u00e0 al primer avituallament. Del km 80 al 135 \u0301es pesat. Vaig amb Quimet i un altre noi per\u00f2 em despenjo. La Berta  \u00e9s a l\u2019avituallament de Banyoles. Vaig amb un ciclista de Taradell que es diu Josep Roca, 53 anys, que m\u2019acaba deixant, per Mieres. Pateixo entre el 158 i el 160. Torno a connectar amb el de Taradell. Rampa a Vilallonga. 175 km.<\/li><\/ol>\n","protected":false},"excerpt":{"rendered":"<p>Maig 13 diumenge. [IV Terra de Remences]. St Esteve d\u2019en Bas, Capsacosta, Ripoll, Coll de Canes, Besal\u00fa, Crespi\u00e0, Banyoles, St Pau, St Esteve. Ahir la Berta va fer Coll Formic. Varem trobar Lloren\u00e7 Guillamet i Quico al Brull. Dormim a Vilallonga. Vaig amb Quimet Alfaro. Trobem Magret amb qui parlo pujant Canes. La Berta est\u00e0 [&hellip;]<\/p>\n","protected":false},"author":19,"featured_media":0,"parent":0,"menu_order":0,"comment_status":"closed","ping_status":"closed","template":"","meta":{"footnotes":""},"class_list":["post-1548","page","type-page","status-publish","hentry"],"_links":{"self":[{"href":"https:\/\/mat.uab.cat\/web\/agusti\/wp-json\/wp\/v2\/pages\/1548","targetHints":{"allow":["GET"]}}],"collection":[{"href":"https:\/\/mat.uab.cat\/web\/agusti\/wp-json\/wp\/v2\/pages"}],"about":[{"href":"https:\/\/mat.uab.cat\/web\/agusti\/wp-json\/wp\/v2\/types\/page"}],"author":[{"embeddable":true,"href":"https:\/\/mat.uab.cat\/web\/agusti\/wp-json\/wp\/v2\/users\/19"}],"replies":[{"embeddable":true,"href":"https:\/\/mat.uab.cat\/web\/agusti\/wp-json\/wp\/v2\/comments?post=1548"}],"version-history":[{"count":3,"href":"https:\/\/mat.uab.cat\/web\/agusti\/wp-json\/wp\/v2\/pages\/1548\/revisions"}],"predecessor-version":[{"id":1554,"href":"https:\/\/mat.uab.cat\/web\/agusti\/wp-json\/wp\/v2\/pages\/1548\/revisions\/1554"}],"wp:attachment":[{"href":"https:\/\/mat.uab.cat\/web\/agusti\/wp-json\/wp\/v2\/media?parent=1548"}],"curies":[{"name":"wp","href":"https:\/\/api.w.org\/{rel}","templated":true}]}}

<p><a href="http://mat.uab.cat/web/agusti/wp-content/uploads/sites/13/2022/02/405A0866-746C-4787-92C4-EEBEFB2F957F_1_105_c.jpeg"><img loading="lazy" decoding="async" class="alignnone  wp-image-1549" src="http://mat.uab.cat/web/agusti/wp-content/uploads/sites/13/2022/02/405A0866-746C-4787-92C4-EEBEFB2F957F_1_105_c-212x300.jpeg" alt="" width="495" height="700" srcset="https://mat.uab.cat/web/agusti/wp-content/uploads/sites/13/2022/02/405A0866-746C-4787-92C4-EEBEFB2F957F_1_105_c-212x300.jpeg 212w, https://mat.uab.cat/web/agusti/wp-content/uploads/sites/13/2022/02/405A0866-746C-4787-92C4-EEBEFB2F957F_1_105_c-723x1024.jpeg 723w, https://mat.uab.cat/web/agusti/wp-content/uploads/sites/13/2022/02/405A0866-746C-4787-92C4-EEBEFB2F957F_1_105_c-624x884.jpeg 624w, https://mat.uab.cat/web/agusti/wp-content/uploads/sites/13/2022/02/405A0866-746C-4787-92C4-EEBEFB2F957F_1_105_c.jpeg 745w" sizes="auto, (max-width: 495px) 100vw, 495px" /></a></p>


<ol class="wp-block-list" start="1602"><li>Maig 13 diumenge. [IV Terra de Remences]. St Esteve d’en Bas, Capsacosta, Ripoll, Coll de Canes, Besalú, Crespià, Banyoles, St Pau, St Esteve. Ahir la Berta va fer Coll Formic. Varem trobar Llorenç Guillamet i Quico al Brull. Dormim a Vilallonga. Vaig amb Quimet Alfaro. Trobem Magret amb qui parlo pujant Canes. La Berta està al primer avituallament. Del km 80 al 135 ́es pesat. Vaig amb Quimet i un altre noi però em despenjo. La Berta  és a l’avituallament de Banyoles. Vaig amb un ciclista de Taradell que es diu Josep Roca, 53 anys, que m’acaba deixant, per Mieres. Pateixo entre el 158 i el 160. Torno a connectar amb el de Taradell. Rampa a Vilallonga. 175 km.</li></ol>

<p>Maig 13 diumenge. [IV Terra de Remences]. St Esteve d’en Bas, Capsacosta, Ripoll, Coll de Canes, Besalú, Crespià, Banyoles, St Pau, St Esteve. Ahir la Berta va fer Coll Formic. Varem trobar Llorenç Guillamet i Quico al Brull. Dormim a Vilallonga. Vaig amb Quimet Alfaro. Trobem Magret amb qui parlo pujant Canes. La Berta està [&hellip;]</p>
