{"id":1555,"date":"2022-02-13T11:01:38","date_gmt":"2022-02-13T11:01:38","guid":{"rendered":"https:\/\/mat.uab.cat\/web\/agusti\/?page_id=1555"},"modified":"2022-02-13T11:07:50","modified_gmt":"2022-02-13T11:07:50","slug":"port-denvalira","status":"publish","type":"page","link":"https:\/\/mat.uab.cat\/web\/agusti\/port-denvalira\/","title":{"rendered":"Port d&#8217;Envalira"},"content":{"rendered":"<p><a href=\"http:\/\/mat.uab.cat\/web\/agusti\/wp-content\/uploads\/sites\/13\/2022\/02\/79FD463C-613A-44BC-BC77-C91B701759C5_1_105_c.jpeg\"><img loading=\"lazy\" decoding=\"async\" class=\"alignnone size-medium wp-image-1556\" src=\"http:\/\/mat.uab.cat\/web\/agusti\/wp-content\/uploads\/sites\/13\/2022\/02\/79FD463C-613A-44BC-BC77-C91B701759C5_1_105_c-300x262.jpeg\" alt=\"\" width=\"300\" height=\"262\" srcset=\"https:\/\/mat.uab.cat\/web\/agusti\/wp-content\/uploads\/sites\/13\/2022\/02\/79FD463C-613A-44BC-BC77-C91B701759C5_1_105_c-300x262.jpeg 300w, https:\/\/mat.uab.cat\/web\/agusti\/wp-content\/uploads\/sites\/13\/2022\/02\/79FD463C-613A-44BC-BC77-C91B701759C5_1_105_c-768x670.jpeg 768w, https:\/\/mat.uab.cat\/web\/agusti\/wp-content\/uploads\/sites\/13\/2022\/02\/79FD463C-613A-44BC-BC77-C91B701759C5_1_105_c-624x544.jpeg 624w, https:\/\/mat.uab.cat\/web\/agusti\/wp-content\/uploads\/sites\/13\/2022\/02\/79FD463C-613A-44BC-BC77-C91B701759C5_1_105_c.jpeg 949w\" sizes=\"auto, (max-width: 300px) 100vw, 300px\" \/><\/a> <a href=\"http:\/\/mat.uab.cat\/web\/agusti\/wp-content\/uploads\/sites\/13\/2022\/02\/89E6F4A0-1C61-40F1-BEF3-6740C14FD11F_1_105_c.jpeg\"><img loading=\"lazy\" decoding=\"async\" class=\"alignnone size-medium wp-image-1557\" src=\"http:\/\/mat.uab.cat\/web\/agusti\/wp-content\/uploads\/sites\/13\/2022\/02\/89E6F4A0-1C61-40F1-BEF3-6740C14FD11F_1_105_c-300x223.jpeg\" alt=\"\" width=\"300\" height=\"223\" srcset=\"https:\/\/mat.uab.cat\/web\/agusti\/wp-content\/uploads\/sites\/13\/2022\/02\/89E6F4A0-1C61-40F1-BEF3-6740C14FD11F_1_105_c-300x223.jpeg 300w, https:\/\/mat.uab.cat\/web\/agusti\/wp-content\/uploads\/sites\/13\/2022\/02\/89E6F4A0-1C61-40F1-BEF3-6740C14FD11F_1_105_c-1024x760.jpeg 1024w, https:\/\/mat.uab.cat\/web\/agusti\/wp-content\/uploads\/sites\/13\/2022\/02\/89E6F4A0-1C61-40F1-BEF3-6740C14FD11F_1_105_c-768x570.jpeg 768w, https:\/\/mat.uab.cat\/web\/agusti\/wp-content\/uploads\/sites\/13\/2022\/02\/89E6F4A0-1C61-40F1-BEF3-6740C14FD11F_1_105_c-624x463.jpeg 624w, https:\/\/mat.uab.cat\/web\/agusti\/wp-content\/uploads\/sites\/13\/2022\/02\/89E6F4A0-1C61-40F1-BEF3-6740C14FD11F_1_105_c.jpeg 1029w\" sizes=\"auto, (max-width: 300px) 100vw, 300px\" \/><\/a> <a href=\"http:\/\/mat.uab.cat\/web\/agusti\/wp-content\/uploads\/sites\/13\/2022\/02\/0A3974D5-03F1-45B1-BC6E-5CD7DD14CE75_1_105_c.jpeg\"><img loading=\"lazy\" decoding=\"async\" class=\"alignnone  wp-image-1558\" src=\"http:\/\/mat.uab.cat\/web\/agusti\/wp-content\/uploads\/sites\/13\/2022\/02\/0A3974D5-03F1-45B1-BC6E-5CD7DD14CE75_1_105_c-300x215.jpeg\" alt=\"\" width=\"627\" height=\"449\" srcset=\"https:\/\/mat.uab.cat\/web\/agusti\/wp-content\/uploads\/sites\/13\/2022\/02\/0A3974D5-03F1-45B1-BC6E-5CD7DD14CE75_1_105_c-300x215.jpeg 300w, https:\/\/mat.uab.cat\/web\/agusti\/wp-content\/uploads\/sites\/13\/2022\/02\/0A3974D5-03F1-45B1-BC6E-5CD7DD14CE75_1_105_c-1024x733.jpeg 1024w, https:\/\/mat.uab.cat\/web\/agusti\/wp-content\/uploads\/sites\/13\/2022\/02\/0A3974D5-03F1-45B1-BC6E-5CD7DD14CE75_1_105_c-768x550.jpeg 768w, https:\/\/mat.uab.cat\/web\/agusti\/wp-content\/uploads\/sites\/13\/2022\/02\/0A3974D5-03F1-45B1-BC6E-5CD7DD14CE75_1_105_c-624x447.jpeg 624w, https:\/\/mat.uab.cat\/web\/agusti\/wp-content\/uploads\/sites\/13\/2022\/02\/0A3974D5-03F1-45B1-BC6E-5CD7DD14CE75_1_105_c.jpeg 1048w\" sizes=\"auto, (max-width: 627px) 100vw, 627px\" \/><\/a><\/p>\n\n\n<ol class=\"wp-block-list\" start=\"1272\"><li>Setembre 12 dissabte. [Andorra]. Escaldes, Port d\u2019Envalira, Pas de la Casa, Escal- des. Sempre recordar\u00e9 aquesta sortida com la de la caiguda de Trabal\u00f3n. Per les rampes de Canill\u00f3 un fort vent em fa posar el peu a terra. Pujo amb Garc\u00eda, l\u2019alemany, per\u00f2 al final el deixo [Despr\u00e9s vaig saber qui era l\u2019alemany i quin m\u00e8rit que tenia haver-lo deixat! El seu curr\u00edculum \u00e9s extraordinari, per\u00f2 enfosquit per episodis de dopatge]. Tamb\u00e9 hi ha Lasheras, Alfaro, Vicens, Perez, Cullell,  Alexandro, Nicolau, Serena, Teixidor, Pere L\u00f3pez, Rodr\u00edguez, Romero. Com a dalt neva tant sols Trabal\u00f3n i jo baixem. Despr\u00e9s Serena s\u2019animar\u00e0. Trabal\u00f3n m\u2019avan\u00e7a i fica la roda en un forat que travessa la carretera i surt disparat. Pica de cap a terra. Faig un crit, penso que es pot haver matat ja que se li tor\u00e7a el coll. L\u2019agafo i l\u2019ajudo. Una noia francesa s\u2019ofereix a cuidar-lo. Un matrimoni uruguai\u00e0\u2013angl\u00e9s em donen tovalloletes i li netejo la sang de la cara. Ell parla per\u00f2 no recorda el que va dient. Arriba Serena. Trabal\u00f3n pregunta un i altre cop pel contakil\u00f2metres. Les ulleres destro\u00e7ades. El fiquem en el cotxe de la filla de Serena. Ja baixant atrapo el cotxe i veig que va millorant. El casc li ha salvat la vida. 56 km.<\/li><\/ol>\n","protected":false},"excerpt":{"rendered":"<p>Setembre 12 dissabte. [Andorra]. Escaldes, Port d\u2019Envalira, Pas de la Casa, Escal- des. Sempre recordar\u00e9 aquesta sortida com la de la caiguda de Trabal\u00f3n. Per les rampes de Canill\u00f3 un fort vent em fa posar el peu a terra. Pujo amb Garc\u00eda, l\u2019alemany, per\u00f2 al final el deixo [Despr\u00e9s vaig saber qui era l\u2019alemany i [&hellip;]<\/p>\n","protected":false},"author":19,"featured_media":0,"parent":0,"menu_order":0,"comment_status":"closed","ping_status":"closed","template":"","meta":{"footnotes":""},"class_list":["post-1555","page","type-page","status-publish","hentry"],"_links":{"self":[{"href":"https:\/\/mat.uab.cat\/web\/agusti\/wp-json\/wp\/v2\/pages\/1555","targetHints":{"allow":["GET"]}}],"collection":[{"href":"https:\/\/mat.uab.cat\/web\/agusti\/wp-json\/wp\/v2\/pages"}],"about":[{"href":"https:\/\/mat.uab.cat\/web\/agusti\/wp-json\/wp\/v2\/types\/page"}],"author":[{"embeddable":true,"href":"https:\/\/mat.uab.cat\/web\/agusti\/wp-json\/wp\/v2\/users\/19"}],"replies":[{"embeddable":true,"href":"https:\/\/mat.uab.cat\/web\/agusti\/wp-json\/wp\/v2\/comments?post=1555"}],"version-history":[{"count":2,"href":"https:\/\/mat.uab.cat\/web\/agusti\/wp-json\/wp\/v2\/pages\/1555\/revisions"}],"predecessor-version":[{"id":1562,"href":"https:\/\/mat.uab.cat\/web\/agusti\/wp-json\/wp\/v2\/pages\/1555\/revisions\/1562"}],"wp:attachment":[{"href":"https:\/\/mat.uab.cat\/web\/agusti\/wp-json\/wp\/v2\/media?parent=1555"}],"curies":[{"name":"wp","href":"https:\/\/api.w.org\/{rel}","templated":true}]}}

<p><a href="http://mat.uab.cat/web/agusti/wp-content/uploads/sites/13/2022/02/79FD463C-613A-44BC-BC77-C91B701759C5_1_105_c.jpeg"><img loading="lazy" decoding="async" class="alignnone size-medium wp-image-1556" src="http://mat.uab.cat/web/agusti/wp-content/uploads/sites/13/2022/02/79FD463C-613A-44BC-BC77-C91B701759C5_1_105_c-300x262.jpeg" alt="" width="300" height="262" srcset="https://mat.uab.cat/web/agusti/wp-content/uploads/sites/13/2022/02/79FD463C-613A-44BC-BC77-C91B701759C5_1_105_c-300x262.jpeg 300w, https://mat.uab.cat/web/agusti/wp-content/uploads/sites/13/2022/02/79FD463C-613A-44BC-BC77-C91B701759C5_1_105_c-768x670.jpeg 768w, https://mat.uab.cat/web/agusti/wp-content/uploads/sites/13/2022/02/79FD463C-613A-44BC-BC77-C91B701759C5_1_105_c-624x544.jpeg 624w, https://mat.uab.cat/web/agusti/wp-content/uploads/sites/13/2022/02/79FD463C-613A-44BC-BC77-C91B701759C5_1_105_c.jpeg 949w" sizes="auto, (max-width: 300px) 100vw, 300px" /></a> <a href="http://mat.uab.cat/web/agusti/wp-content/uploads/sites/13/2022/02/89E6F4A0-1C61-40F1-BEF3-6740C14FD11F_1_105_c.jpeg"><img loading="lazy" decoding="async" class="alignnone size-medium wp-image-1557" src="http://mat.uab.cat/web/agusti/wp-content/uploads/sites/13/2022/02/89E6F4A0-1C61-40F1-BEF3-6740C14FD11F_1_105_c-300x223.jpeg" alt="" width="300" height="223" srcset="https://mat.uab.cat/web/agusti/wp-content/uploads/sites/13/2022/02/89E6F4A0-1C61-40F1-BEF3-6740C14FD11F_1_105_c-300x223.jpeg 300w, https://mat.uab.cat/web/agusti/wp-content/uploads/sites/13/2022/02/89E6F4A0-1C61-40F1-BEF3-6740C14FD11F_1_105_c-1024x760.jpeg 1024w, https://mat.uab.cat/web/agusti/wp-content/uploads/sites/13/2022/02/89E6F4A0-1C61-40F1-BEF3-6740C14FD11F_1_105_c-768x570.jpeg 768w, https://mat.uab.cat/web/agusti/wp-content/uploads/sites/13/2022/02/89E6F4A0-1C61-40F1-BEF3-6740C14FD11F_1_105_c-624x463.jpeg 624w, https://mat.uab.cat/web/agusti/wp-content/uploads/sites/13/2022/02/89E6F4A0-1C61-40F1-BEF3-6740C14FD11F_1_105_c.jpeg 1029w" sizes="auto, (max-width: 300px) 100vw, 300px" /></a> <a href="http://mat.uab.cat/web/agusti/wp-content/uploads/sites/13/2022/02/0A3974D5-03F1-45B1-BC6E-5CD7DD14CE75_1_105_c.jpeg"><img loading="lazy" decoding="async" class="alignnone  wp-image-1558" src="http://mat.uab.cat/web/agusti/wp-content/uploads/sites/13/2022/02/0A3974D5-03F1-45B1-BC6E-5CD7DD14CE75_1_105_c-300x215.jpeg" alt="" width="627" height="449" srcset="https://mat.uab.cat/web/agusti/wp-content/uploads/sites/13/2022/02/0A3974D5-03F1-45B1-BC6E-5CD7DD14CE75_1_105_c-300x215.jpeg 300w, https://mat.uab.cat/web/agusti/wp-content/uploads/sites/13/2022/02/0A3974D5-03F1-45B1-BC6E-5CD7DD14CE75_1_105_c-1024x733.jpeg 1024w, https://mat.uab.cat/web/agusti/wp-content/uploads/sites/13/2022/02/0A3974D5-03F1-45B1-BC6E-5CD7DD14CE75_1_105_c-768x550.jpeg 768w, https://mat.uab.cat/web/agusti/wp-content/uploads/sites/13/2022/02/0A3974D5-03F1-45B1-BC6E-5CD7DD14CE75_1_105_c-624x447.jpeg 624w, https://mat.uab.cat/web/agusti/wp-content/uploads/sites/13/2022/02/0A3974D5-03F1-45B1-BC6E-5CD7DD14CE75_1_105_c.jpeg 1048w" sizes="auto, (max-width: 627px) 100vw, 627px" /></a></p>


<ol class="wp-block-list" start="1272"><li>Setembre 12 dissabte. [Andorra]. Escaldes, Port d’Envalira, Pas de la Casa, Escal- des. Sempre recordaré aquesta sortida com la de la caiguda de Trabalón. Per les rampes de Canilló un fort vent em fa posar el peu a terra. Pujo amb García, l’alemany, però al final el deixo [Després vaig saber qui era l’alemany i quin mèrit que tenia haver-lo deixat! El seu currículum és extraordinari, però enfosquit per episodis de dopatge]. També hi ha Lasheras, Alfaro, Vicens, Perez, Cullell,  Alexandro, Nicolau, Serena, Teixidor, Pere López, Rodríguez, Romero. Com a dalt neva tant sols Trabalón i jo baixem. Després Serena s’animarà. Trabalón m’avança i fica la roda en un forat que travessa la carretera i surt disparat. Pica de cap a terra. Faig un crit, penso que es pot haver matat ja que se li torça el coll. L’agafo i l’ajudo. Una noia francesa s’ofereix a cuidar-lo. Un matrimoni uruguaià–anglés em donen tovalloletes i li netejo la sang de la cara. Ell parla però no recorda el que va dient. Arriba Serena. Trabalón pregunta un i altre cop pel contakilòmetres. Les ulleres destroçades. El fiquem en el cotxe de la filla de Serena. Ja baixant atrapo el cotxe i veig que va millorant. El casc li ha salvat la vida. 56 km.</li></ol>

<p>Setembre 12 dissabte. [Andorra]. Escaldes, Port d’Envalira, Pas de la Casa, Escal- des. Sempre recordaré aquesta sortida com la de la caiguda de Trabalón. Per les rampes de Canilló un fort vent em fa posar el peu a terra. Pujo amb García, l’alemany, però al final el deixo [Després vaig saber qui era l’alemany i [&hellip;]</p>
