{"id":462,"date":"2015-12-02T15:19:56","date_gmt":"2015-12-02T15:19:56","guid":{"rendered":"http:\/\/blogs.uab.cat\/arselectionis\/?page_id=462"},"modified":"2015-12-02T15:19:56","modified_gmt":"2015-12-02T15:19:56","slug":"metode-deleccio-de-persones","status":"publish","type":"page","link":"https:\/\/mat.uab.cat\/web\/arselectionis\/?page_id=462","title":{"rendered":"M\u00e8tode d&#8217;elecci\u00f3 de persones"},"content":{"rendered":"<p>Traducci\u00f3 al catal\u00e0 de l&#8217;obra \u2002<i>Artificium electionis personarum\u2009<\/i>&thinsp;\u2002(Ramon Llull, abans de 1283, n\u00fam. II.A.15 del cat\u00e0leg Bonner) &ensp;a partir del text llat\u00ed establert per \u2002<a href=\"http:\/\/www.uni-augsburg.de\/llull\/\" target=\"blank\" rel=\"noopener\">G. H\u00e4gele i F. Pukelsheim (2001).<\/a><\/p>\n<hr \/>\n<p>Heus ac\u00ed una figura, formada per 16 lletres i composta de 120 caselles, mitjan\u00e7ant la qual s\u2019ensenya a fer una elecci\u00f3. Les lletres s\u00f3n: <i>b c d e f g h i k l m n o p q r\u2009<\/i>. Aquestes lletres es barregen entre elles, combinant-les de manera que, gr\u00e0cies a aquesta barreja, es compon i forma la figura de m\u00e9s avall, tal com es mostra en l\u2019<i>Art abreujada de trobar la veritat\u2009<\/i>,<sup><a href=\"#nota1\">[1]<\/a><\/sup> \u00e9s a dir, en els <i>Principis\u2009<\/i> de la <i>teologia\u2009<\/i>, de la <i>filosofia\u2009<\/i> i del <i>dret\u2009<\/i>.<sup><a href=\"#nota2\">[2]<\/a><\/sup> La\u00a0figura \u00e9s aquesta:<\/p>\n<table style=\"border: 1px\" border=\"1\" align=\"center\">\n<tbody>\n<tr>\n<td style=\"text-align: center\"><i>bc<\/i><\/td>\n<td style=\"text-align: center\"><i>cd<\/i><\/td>\n<td style=\"text-align: center\"><i>de<\/i><\/td>\n<td style=\"text-align: center\"><i>ef<\/i><\/td>\n<td style=\"text-align: center\"><i>fg<\/i><\/td>\n<td style=\"text-align: center\"><i>gh<\/i><\/td>\n<td style=\"text-align: center\"><i>hi<\/i><\/td>\n<td style=\"text-align: center\"><i>ik<\/i><\/td>\n<td style=\"text-align: center\"><i>kl<\/i><\/td>\n<td style=\"text-align: center\"><i>lm<\/i><\/td>\n<td style=\"text-align: center\"><i>mn<\/i><\/td>\n<td style=\"text-align: center\"><i>no<\/i><\/td>\n<td style=\"text-align: center\"><i>op<\/i><\/td>\n<td style=\"text-align: center\"><i>pq<\/i><\/td>\n<td style=\"text-align: center\"><i>qr<\/i><\/td>\n<\/tr>\n<tr>\n<td style=\"text-align: center\"><i>bd<\/i><\/td>\n<td style=\"text-align: center\"><i>ce<\/i><\/td>\n<td style=\"text-align: center\"><i>df<\/i><\/td>\n<td style=\"text-align: center\"><i>eg<\/i><\/td>\n<td style=\"text-align: center\"><i>fh<\/i><\/td>\n<td style=\"text-align: center\"><i>gi<\/i><\/td>\n<td style=\"text-align: center\"><i>hk<\/i><\/td>\n<td style=\"text-align: center\"><i>il<\/i><\/td>\n<td style=\"text-align: center\"><i>km<\/i><\/td>\n<td style=\"text-align: center\"><i>ln<\/i><\/td>\n<td style=\"text-align: center\"><i>mo<\/i><\/td>\n<td style=\"text-align: center\"><i>np<\/i><\/td>\n<td style=\"text-align: center\"><i>oq<\/i><\/td>\n<td style=\"text-align: center\"><i>pr<\/i><\/td>\n<\/tr>\n<tr>\n<td style=\"text-align: center\"><i>be<\/i><\/td>\n<td style=\"text-align: center\"><i>cf<\/i><\/td>\n<td style=\"text-align: center\"><i>dg<\/i><\/td>\n<td style=\"text-align: center\"><i>eh<\/i><\/td>\n<td style=\"text-align: center\"><i>fi<\/i><\/td>\n<td style=\"text-align: center\"><i>gk<\/i><\/td>\n<td style=\"text-align: center\"><i>hl<\/i><\/td>\n<td style=\"text-align: center\"><i>im<\/i><\/td>\n<td style=\"text-align: center\"><i>kn<\/i><\/td>\n<td style=\"text-align: center\"><i>lo<\/i><\/td>\n<td style=\"text-align: center\"><i>mp<\/i><\/td>\n<td style=\"text-align: center\"><i>nq<\/i><\/td>\n<td style=\"text-align: center\"><i>or<\/i><\/td>\n<\/tr>\n<tr>\n<td style=\"text-align: center\"><i>bf<\/i><\/td>\n<td style=\"text-align: center\"><i>cg<\/i><\/td>\n<td style=\"text-align: center\"><i>dh<\/i><\/td>\n<td style=\"text-align: center\"><i>ei<\/i><\/td>\n<td style=\"text-align: center\"><i>fk<\/i><\/td>\n<td style=\"text-align: center\"><i>gl<\/i><\/td>\n<td style=\"text-align: center\"><i>hm<\/i><\/td>\n<td style=\"text-align: center\"><i>in<\/i><\/td>\n<td style=\"text-align: center\"><i>ko<\/i><\/td>\n<td style=\"text-align: center\"><i>lp<\/i><\/td>\n<td style=\"text-align: center\"><i>mq<\/i><\/td>\n<td style=\"text-align: center\"><i>nr<\/i><\/td>\n<\/tr>\n<tr>\n<td style=\"text-align: center\"><i>bg<\/i><\/td>\n<td style=\"text-align: center\"><i>ch<\/i><\/td>\n<td style=\"text-align: center\"><i>di<\/i><\/td>\n<td style=\"text-align: center\"><i>ek<\/i><\/td>\n<td style=\"text-align: center\"><i>fl<\/i><\/td>\n<td style=\"text-align: center\"><i>gm<\/i><\/td>\n<td style=\"text-align: center\"><i>hn<\/i><\/td>\n<td style=\"text-align: center\"><i>io<\/i><\/td>\n<td style=\"text-align: center\"><i>kp<\/i><\/td>\n<td style=\"text-align: center\"><i>lq<\/i><\/td>\n<td style=\"text-align: center\"><i>mr<\/i><\/td>\n<\/tr>\n<tr>\n<td style=\"text-align: center\"><i>bh<\/i><\/td>\n<td style=\"text-align: center\"><i>ci<\/i><\/td>\n<td style=\"text-align: center\"><i>dk<\/i><\/td>\n<td style=\"text-align: center\"><i>el<\/i><\/td>\n<td style=\"text-align: center\"><i>fm<\/i><\/td>\n<td style=\"text-align: center\"><i>gn<\/i><\/td>\n<td style=\"text-align: center\"><i>ho<\/i><\/td>\n<td style=\"text-align: center\"><i>ip<\/i><\/td>\n<td style=\"text-align: center\"><i>kq<\/i><\/td>\n<td style=\"text-align: center\"><i>lr<\/i><\/td>\n<\/tr>\n<tr>\n<td style=\"text-align: center\"><i>bi<\/i><\/td>\n<td style=\"text-align: center\"><i>ck<\/i><\/td>\n<td style=\"text-align: center\"><i>dl<\/i><\/td>\n<td style=\"text-align: center\"><i>em<\/i><\/td>\n<td style=\"text-align: center\"><i>fn<\/i><\/td>\n<td style=\"text-align: center\"><i>go<\/i><\/td>\n<td style=\"text-align: center\"><i>hp<\/i><\/td>\n<td style=\"text-align: center\"><i>iq<\/i><\/td>\n<td style=\"text-align: center\"><i>kr<\/i><\/td>\n<\/tr>\n<tr>\n<td style=\"text-align: center\"><i>bk<\/i><\/td>\n<td style=\"text-align: center\"><i>cl<\/i><\/td>\n<td style=\"text-align: center\"><i>dm<\/i><\/td>\n<td style=\"text-align: center\"><i>en<\/i><\/td>\n<td style=\"text-align: center\"><i>fo<\/i><\/td>\n<td style=\"text-align: center\"><i>gp<\/i><\/td>\n<td style=\"text-align: center\"><i>hq<\/i><\/td>\n<td style=\"text-align: center\"><i>ir<\/i><\/td>\n<\/tr>\n<tr>\n<td style=\"text-align: center\"><i>bl<\/i><\/td>\n<td style=\"text-align: center\"><i>cm<\/i><\/td>\n<td style=\"text-align: center\"><i>dn<\/i><\/td>\n<td style=\"text-align: center\"><i>eo<\/i><\/td>\n<td style=\"text-align: center\"><i>fp<\/i><\/td>\n<td style=\"text-align: center\"><i>gq<\/i><\/td>\n<td style=\"text-align: center\"><i>hr<\/i><\/td>\n<\/tr>\n<tr>\n<td style=\"text-align: center\"><i>bm<\/i><\/td>\n<td style=\"text-align: center\"><i>cn<\/i><\/td>\n<td style=\"text-align: center\"><i>do<\/i><\/td>\n<td style=\"text-align: center\"><i>ep<\/i><\/td>\n<td style=\"text-align: center\"><i>fq<\/i><\/td>\n<td style=\"text-align: center\"><i>gr<\/i><\/td>\n<\/tr>\n<tr>\n<td style=\"text-align: center\"><i>bn<\/i><\/td>\n<td style=\"text-align: center\"><i>co<\/i><\/td>\n<td style=\"text-align: center\"><i>dp<\/i><\/td>\n<td style=\"text-align: center\"><i>eq<\/i><\/td>\n<td style=\"text-align: center\"><i>fr<\/i><\/td>\n<\/tr>\n<tr>\n<td style=\"text-align: center\"><i>bo<\/i><\/td>\n<td style=\"text-align: center\"><i>cp<\/i><\/td>\n<td style=\"text-align: center\"><i>dq<\/i><\/td>\n<td style=\"text-align: center\"><i>er<\/i><\/td>\n<\/tr>\n<tr>\n<td style=\"text-align: center\"><i>bp<\/i><\/td>\n<td style=\"text-align: center\"><i>cq<\/i><\/td>\n<td style=\"text-align: center\"><i>dr<\/i><\/td>\n<\/tr>\n<tr>\n<td style=\"text-align: center\"><i>bq<\/i><\/td>\n<td style=\"text-align: center\"><i>cr<\/i><\/td>\n<\/tr>\n<tr>\n<td style=\"text-align: center\"><i>br<\/i><\/td>\n<\/tr>\n<\/tbody>\n<\/table>\n<p>Aquesta figura representa el m\u00e8tode pel qual sempre es podran elegir homes convenients per a la dignitat prelat\u00edcia i es podr\u00e0 evitar que es faci frau o simonia dins l\u2019elecci\u00f3 mateixa. Les 16 lletres que componen la figura representen 16\u00a0persones amb veu per a elegir el prelat. Tanmateix, si al cap\u00edtol hi haguessin m\u00e9s o menys persones amb veu per a dur a terme l\u2019elecci\u00f3, cal augmentar o disminuir el nombre de lletres, i\u00a0tamb\u00e9 la figura, de manera proporcional segons que hi hagi m\u00e9s o menys persones. Si\u00a0hi haguessin tantes persones que no n\u2019hi hagu\u00e9s prou amb les lletres de l\u2019alfabet, caldr\u00e0 posar en el seu lloc altres signes o nombres, com u, dos, tres, o b\u00e9 primer, segon, tercer, quart, augmentant aix\u00ed fins que cada persona disposi d\u2019un signe propi. Despr\u00e9s, amb aquests mots, s\u2019ha de formar la figura, com si estigu\u00e9s composta de lletres. Perqu\u00e8 la figura que s\u2019ha compost m\u00e9s amunt no \u00e9s suficient per a m\u00e9s de 16 persones.<\/p>\n<p>Primer de tot, cal arranjar quina de les persones que hi ha al cap\u00edtol \u00e9s posada en primer lloc, davant de les altres, i quines tenen assignades les primeres lletres o els primers signes de la figura i s\u00f3n cridades i investigades primer.<\/p>\n<p>Despr\u00e9s cal establir que en l\u2019elecci\u00f3 es considerin tres aspectes: el primer \u00e9s l\u2019honestedat i santedat de vida; el segon \u00e9s la ci\u00e8ncia i la saviesa; el tercer \u00e9s una disposici\u00f3 adient del cor. Cada persona que tingui veu al cap\u00edtol ha de jurar davant els sagrats evangelis de D\u00e9u que tindr\u00e0 en compte aquests tres aspectes i que sempre optar\u00e0 preferentment per la persona en qu\u00e8 millor siguin presents aquests tres aspectes.<\/p>\n<p>Despr\u00e9s de l\u2019arranjament esmentat, cal que hi hagi tres figures id\u00e8ntiques a l\u2019anterior, les quals seran col\u00b7locades en llocs diferents. Tot seguit, s\u2019assignen els noms, \u00e9s a dir, una de les persones \u00e9s anomenada b, una altra c, una altra d, i aix\u00ed d\u2019una en una fins que cada persona tingui la seva lletra pr\u00f2pia. Si la figura cont\u00e9 altres signes, aquests seran assignats tamb\u00e9 a les persones, tal com he dit de les lletres. Un\u00a0cop arranjat tot aix\u00f2, es reuneixen en la seu de la votaci\u00f3 i comencen a fer la seva elecci\u00f3 d\u2019aquesta manera:<\/p>\n<p>En primer lloc, cal que surtin de la seu les dues persones a les quals hagin estat assignades les lletres o signes de la primera casella. Despr\u00e9s s\u2019ha de demanar a totes les altres, sota jurament, quina d\u2019aquestes dues persones \u00e9s la m\u00e9s convenient i m\u00e9s digna per a obtenir la dignitat referida d\u2019acord amb els tres aspectes esmentats, etc. Tothom ha de respondre i ha d\u2019elegir segons la seva opini\u00f3. I s\u2019anotar\u00e0 un punt a la lletra corresponent a la persona que obtingui m\u00e9s vots<sup><a href=\"#nota3\">[3]<\/a><\/sup>. Aquest punt s\u2019anotar\u00e0 a dita lletra en cadascuna de les figures existents en els diferents llocs. Tanmateix, si una de les persones tingu\u00e9s tants vots com l\u2019altra, s\u2019anotar\u00e0 un punt a cada lletra de dita casella, i aix\u00f2 mateix en qualsevol de les figures.<\/p>\n<p>Despr\u00e9s d\u2019haver investigat d\u2019aquesta manera la primera casella, \u00e9s a dir, la casella de <i>b\u2009<\/i> i <i>c\u2009<\/i>, es far\u00e0 el mateix per a la segona casella, o sigui, la de <i>b\u2009<\/i> i <i>d\u2009<\/i>; i <i>c\u2009<\/i> ha de tornar al seu lloc i fer el mateix que les altres persones fins que seran cridades les caselles on hi hagi la seva lletra. Tal investigaci\u00f3 es far\u00e0 sempre per ordre, \u00e9s a dir, que primer s\u2019investigaran totes les caselles on hi hagi <i>b\u2009<\/i>, despr\u00e9s aquelles on hi hagi <i>c\u2009<\/i>, posteriorment aquelles on hi hagi <i>d\u2009<\/i>, i aix\u00ed successivament amb tota la resta.<\/p>\n<p>Feta la investigaci\u00f3 de totes les caselles, s\u2019han de comptar els punts de cada letra. I\u00a0si en alguna de les lletres o signes que formen la figura s\u2019hi troben m\u00e9s punts que en les altres lletres, la persona a qui correspongui aquella lletra o signe ser\u00e0 elegida per a la dignitat per la qual s\u2019ha fet aquesta investigaci\u00f3, sigui quina sigui la dignitat en q\u00fcesti\u00f3.<\/p>\n<p>Tanmateix, si s\u2019esdevingu\u00e9s que dues o m\u00e9s persones tinguessin un nombre igual de vots, cal que aquestes surtin de la seu i que les restants, que no han aconseguit tants vots, tornin a jurar, tot respectant els tres aspectes exposats m\u00e9s amunt, que escolliran preferentment la persona m\u00e9s digna i adient per a la dignitat en q\u00fcesti\u00f3. Aquella sobre la qual concorrin m\u00e9s vots ser\u00e0 llavors elegida. Ara b\u00e9, si s\u2019esdev\u00e9 que concorren tants vots sobre una com sobre una altra, es far\u00e0 un sorteig entre les persones que en aquesta darrera elecci\u00f3 han obtingut un nombre igual de vots i s\u2019elegir\u00e0 la persona afavorida per la sort.<\/p>\n<p>Si a l\u2019inici d\u2019aquesta investigaci\u00f3 fos absent alguna persona que t\u00e9 veu en dit cap\u00edtol, cal que se li assigni una de les lletres esmentades de la figura, o b\u00e9 un dels signes, si hi ha signes diferents de les lletres. Si fossin m\u00e9s les persones absents, s\u2019ha d\u2019assignar a cadascuna d\u2019elles una lletra o un signe. Aquesta o aquestes persones absents seran investigades de la mateixa manera que les persones presents, d\u2019acord amb el procediment precedent.<\/p>\n<p>Fi del m\u00e8tode d\u2019elecci\u00f3 de persones.<\/p>\n<hr \/>\n<h4>Notes<\/h4>\n<p><small id=\"nota1\">[1]\u00a0Refer\u00e8ncia a l&#8217;obra <i>Ars compendiosa inveniendi veritatem<\/i> (II.A.1) que data de vers 1274.<\/small><br \/>\n<small id=\"nota2\">[2]\u00a0Refer\u00e8ncia a les obres <i>Liber principiorum theologiae<\/i> (II.A.12),  <i>Liber principiorum philosophiae<\/i> (II.A.11) i <i>Liber principiorum juris<\/i> (II.A.13), que se situen entre 1274 i 1283.<\/small><br \/>\n<small id=\"nota3\">[3]\u00a0El text llat\u00ed diu \u2018voces\u2019, \u00e9s a dir \u2018veus\u2019. Tanmateix, aqu\u00ed i en altres llocs ho tradu\u00efm per \u2018vots\u2019. Ho fem aix\u00ed sempre que les \u2018voces\u2019 s\u00f3n objecte de recompte.<\/small><\/p>\n<hr \/>\n","protected":false},"excerpt":{"rendered":"<p>Traducci\u00f3 al catal\u00e0 de l&#8217;obra \u2002Artificium electionis personarum\u2009&thinsp;\u2002(Ramon Llull, abans de 1283, n\u00fam. II.A.15 del cat\u00e0leg Bonner) &ensp;a partir del text llat\u00ed establert per \u2002G. H\u00e4gele i F. Pukelsheim (2001). Heus ac\u00ed una figura, formada per 16 lletres i composta de 120 caselles, mitjan\u00e7ant la qual s\u2019ensenya a fer una elecci\u00f3. Les lletres s\u00f3n: b c d e f g h i k l m n o p q r\u2009. Aquestes lletres es.. <a class=\"read-more-link\" href=\"https:\/\/mat.uab.cat\/web\/arselectionis\/?page_id=462\">Llegir m\u00e9s<\/a><\/p>\n","protected":false},"author":42,"featured_media":0,"parent":0,"menu_order":0,"comment_status":"closed","ping_status":"closed","template":"","meta":{"footnotes":""},"class_list":["post-462","page","type-page","status-publish","hentry"],"_links":{"self":[{"href":"https:\/\/mat.uab.cat\/web\/arselectionis\/index.php?rest_route=\/wp\/v2\/pages\/462","targetHints":{"allow":["GET"]}}],"collection":[{"href":"https:\/\/mat.uab.cat\/web\/arselectionis\/index.php?rest_route=\/wp\/v2\/pages"}],"about":[{"href":"https:\/\/mat.uab.cat\/web\/arselectionis\/index.php?rest_route=\/wp\/v2\/types\/page"}],"author":[{"embeddable":true,"href":"https:\/\/mat.uab.cat\/web\/arselectionis\/index.php?rest_route=\/wp\/v2\/users\/42"}],"replies":[{"embeddable":true,"href":"https:\/\/mat.uab.cat\/web\/arselectionis\/index.php?rest_route=%2Fwp%2Fv2%2Fcomments&post=462"}],"version-history":[{"count":0,"href":"https:\/\/mat.uab.cat\/web\/arselectionis\/index.php?rest_route=\/wp\/v2\/pages\/462\/revisions"}],"wp:attachment":[{"href":"https:\/\/mat.uab.cat\/web\/arselectionis\/index.php?rest_route=%2Fwp%2Fv2%2Fmedia&parent=462"}],"curies":[{"name":"wp","href":"https:\/\/api.w.org\/{rel}","templated":true}]}}