{"id":472,"date":"2015-12-02T15:58:17","date_gmt":"2015-12-02T15:58:17","guid":{"rendered":"http:\/\/blogs.uab.cat\/arselectionis\/?page_id=472"},"modified":"2015-12-02T15:58:17","modified_gmt":"2015-12-02T15:58:17","slug":"sobre-lart-de-leleccio","status":"publish","type":"page","link":"https:\/\/mat.uab.cat\/web\/arselectionis\/?page_id=472","title":{"rendered":"Sobre l&#8217;art de l&#8217;elecci\u00f3"},"content":{"rendered":"<p>Traducci\u00f3 al catal\u00e0 de l&#8217;obra &ensp;<i>De arte eleccionis\u2009<\/i> &ensp;(Ramon Llull, 1299, n\u00fam.&nbsp;III.38 del cat\u00e0leg de Bonner) &ensp;a partir del text llat\u00ed establert per &ensp;<a href=\"http:\/\/www.uni-augsburg.de\/llull\/\" target=\"blank\" rel=\"noopener\">G. H\u00e4gele i F. Pukelsheim (2001).<\/a><\/p>\n<hr \/>\n<p>Una bona elecci\u00f3 a la santa Esgl\u00e9sia \u00e9s molt necess\u00e0ria per tal d\u2019elegir persones corrents mitjan\u00e7ant les quals es governi l\u2019Esgl\u00e9sia i les quals lluitin contra els seus enemics pecadors, com els infidels i els cism\u00e0tics. I aix\u00f2 les persones corrents que s\u00f3n elegides no poden fer-ho si no s\u00f3n bones i ben relacionades amb la seva Mare, la qual \u00e9s bona i excelsa. La seva Mare \u00e9s la sacrosanta Esgl\u00e9sia Romana, la qual suporta grans patiments a causa d\u2019aquells que fingeixen ser bons fills sense ser-ho, ans malignament ataquen la Mare i s\u2019apoderen injustament dels seus b\u00e9ns. \u00c9s per aix\u00f2 que volem oferir una doctrina per a elegir una persona corrent, segons el mode de la tercera figura de l\u2019<i>Art general\u2009<\/i><sup><a href=\"#nota1\">[1]<\/a><\/sup>, de manera que, procedint segons la seva art, els electors podran, si volen, elegir la persona millor. I aix\u00f2 ho faran p\u00fablicament, de manera que\u00a0si no elegeixen la persona millor, ser\u00e0 pal\u00e8s a tots els assistents al cap\u00edtol que elegeixen una persona pitjor i s\u00f3n perjurs sense cap mena d\u2019excusa. El mode d\u2019elegir \u00e9s aquest:<\/p>\n<table style=\"border: 1px\" border=\"1\" align=\"center\">\n<tbody>\n<tr>\n<td style=\"text-align: center\"><i>bc<\/i><\/td>\n<td style=\"text-align: center\"><i>cd<\/i><\/td>\n<td style=\"text-align: center\"><i>de<\/i><\/td>\n<td style=\"text-align: center\"><i>ef<\/i><\/td>\n<td style=\"text-align: center\"><i>fg<\/i><\/td>\n<td style=\"text-align: center\"><i>gh<\/i><\/td>\n<td style=\"text-align: center\"><i>hi<\/i><\/td>\n<td style=\"text-align: center\"><i>ik<\/i><\/td>\n<\/tr>\n<tr>\n<td style=\"text-align: center\"><i>bd<\/i><\/td>\n<td style=\"text-align: center\"><i>ce<\/i><\/td>\n<td style=\"text-align: center\"><i>df<\/i><\/td>\n<td style=\"text-align: center\"><i>eg<\/i><\/td>\n<td style=\"text-align: center\"><i>fh<\/i><\/td>\n<td style=\"text-align: center\"><i>gi<\/i><\/td>\n<td style=\"text-align: center\"><i>hk<\/i><\/td>\n<\/tr>\n<tr>\n<td style=\"text-align: center\"><i>be<\/i><\/td>\n<td style=\"text-align: center\"><i>cf<\/i><\/td>\n<td style=\"text-align: center\"><i>dg<\/i><\/td>\n<td style=\"text-align: center\"><i>eh<\/i><\/td>\n<td style=\"text-align: center\"><i>fi<\/i><\/td>\n<td style=\"text-align: center\"><i>gk<\/i><\/td>\n<\/tr>\n<tr>\n<td style=\"text-align: center\"><i>bf<\/i><\/td>\n<td style=\"text-align: center\"><i>cg<\/i><\/td>\n<td style=\"text-align: center\"><i>dh<\/i><\/td>\n<td style=\"text-align: center\"><i>ei<\/i> <sup><a href=\"#notataula\">[2]<\/a><\/sup><\/td>\n<td style=\"text-align: center\"><i>fk<\/i><\/td>\n<\/tr>\n<tr>\n<td style=\"text-align: center\"><i>bg<\/i><\/td>\n<td style=\"text-align: center\"><i>ch<\/i><\/td>\n<td style=\"text-align: center\"><i>di<\/i><\/td>\n<td style=\"text-align: center\"><i>ek<\/i><\/td>\n<\/tr>\n<tr>\n<td style=\"text-align: center\"><i>bh<\/i><\/td>\n<td style=\"text-align: center\"><i>ci<\/i><\/td>\n<td style=\"text-align: center\"><i>dk<\/i><\/td>\n<\/tr>\n<tr>\n<td style=\"text-align: center\"><i>bi<\/i><\/td>\n<td style=\"text-align: center\"><i>ck<\/i><\/td>\n<\/tr>\n<tr>\n<td style=\"text-align: center\"><i>bk<\/i><\/td>\n<\/tr>\n<\/tbody>\n<\/table>\n<p>Primerament, tal com es veu en l\u2019esquema, <i>b\u2009<\/i> representa la primera persona rebuda en l\u2019esgl\u00e9sia vacant, <i>c\u2009<\/i> representa la segona persona i, aix\u00ed, successivament fins a <i>k\u2009<\/i>, de manera que la primera persona de l\u2019esgl\u00e9sia vacant sigui anomenada <i>b\u2009<\/i>, la segona persona sigui anomenada <i>c\u2009<\/i>, i aix\u00ed les altres al seu torn. Tanmateix, si a l\u2019esgl\u00e9sia hi ha m\u00e9s de 9 persones, cal incrementar les caselles en el quadre representat m\u00e9s amunt afegint la lletra <i>l\u2009<\/i>. I\u00a0si n\u2019hi ha 11, cal afegir <i>m\u2009<\/i>. I\u00a0si n\u2019hi ha m\u00e9s que les lletres de l\u2019alfabet, cal afegir un altre nombre; \u00e9s a dir, un ser\u00e0 anomenat germ\u00e0 primer, un altre segon, etc\u00e8tera, i tots segueixen la forma esmentada.<\/p>\n<p>A l\u2019inici, tots prestaran jurament que elegiran la persona millor i m\u00e9s id\u00f2nia. Despr\u00e9s, els electors seuen, i <i>b\u2009<\/i> i <i>c\u2009<\/i> resten dempeus a una part prou propera perqu\u00e8 puguin sentir les paraules dels electors i perqu\u00e8 tothom els vegi. Tot seguit, d pregunta a cadascun dels asseguts qui de <i>b\u2009<\/i> o <i>c\u2009<\/i> preferiria com a abat, prior o bisbe, i aix\u00ed tamb\u00e9 per a altres dignitats. Aleshores es compten els vots<sup><a href=\"#nota3\">[3]<\/a><\/sup> de tots els electors. Si <i>b\u2009<\/i> obt\u00e9 m\u00e9s vots que <i>c\u2009<\/i>, <i>c\u2009<\/i>\u00a0seu al seu lloc i <i>b\u2009<\/i> resta dempeus, o b\u00e9 a l\u2019inrev\u00e9s. Llavors <i>d\u2009<\/i> va al costat de <i>b\u2009<\/i>, i <i>c\u2009<\/i>\u00a0s\u2019aixeca per preguntar a cadasc\u00fa qui de <i>b\u2009<\/i> o <i>d\u2009<\/i> voldria com a prelat. Si <i>b\u2009<\/i> aconsegueix m\u00e9s vots, <i>d\u2009<\/i>\u00a0seu i <i>e\u2009<\/i> va al costat de <i>b\u2009<\/i>. Aleshores, <i>c\u2009<\/i> o <i>d\u2009<\/i> o un altre pregunta a cadasc\u00fa, davant de tothom, a qui preferiria com a senyor, a saber, <i>b\u2009<\/i> o <i>e\u2009<\/i>. Si <i>e\u2009<\/i> guanya <i>b\u2009<\/i>, <i>f\u2009<\/i> va al costat de <i>e\u2009<\/i>, o b\u00e9 a l\u2019inrev\u00e9s. I llavors, si <i>b\u2009<\/i> \u00e9s ven\u00e7ut, <i>c\u2009<\/i> pregunta a cadasc\u00fa qui de <i>e\u2009<\/i> o <i>f\u2009<\/i> preferiria com a senyor. I\u00a0aix\u00ed successivament fins a <i>k\u2009<\/i>, de manera que en k quedi determinada l\u2019elecci\u00f3, tant si <i>k\u2009<\/i> ven\u00e7 com si \u00e9s ven\u00e7ut. I aix\u00ed segons l\u2019ordre que s\u2019ha dit m\u00e9s amunt, \u00e9s a dir, si al cap\u00edtol hi ha deu persones, la determinaci\u00f3 es far\u00e0 en <i>l\u2009<\/i>, i aix\u00ed successivament, com ja s\u2019ha dit.<\/p>\n<p>Aquesta forma d\u2019elecci\u00f3 \u00e9s molt \u00fatil i segura perqu\u00e8 s\u2019aparta de l\u2019escrutini secret i del comprom\u00eds especial, mitjan\u00e7ant els quals es podrien cometre m\u00e9s fraus que en la forma damunt dita. Els qui elegeixen p\u00fablicament d\u2019aquesta manera queden exposats a una gran vergonya davant llurs companys si elegeixen malament; en canvi, no ocorre aix\u00ed amb els que elegeixen en secret.<\/p>\n<p>A m\u00e9s, la nova forma d\u2019elecci\u00f3 \u00e9s bona en tant que no pot ser m\u00e9s general. I \u00e9s aix\u00ed perqu\u00e8 es fa una comparaci\u00f3 de totes les persones assistents al cap\u00edtol. Cadascuna d\u2019elles elegeix segons la seva voluntat en qualsevol casella de la figura, de manera que est\u00e0 m\u00e9s satisfeta de l\u2019elecci\u00f3.<\/p>\n<p>Aix\u00ed mateix, mitjan\u00e7ant aquesta forma d\u2019elecci\u00f3 tal vegada cada persona del cap\u00edtol es proposaria ser bona i honesta, suposant que en les eleccions de prelats s\u2019utilitz\u00e9s aquest m\u00e8tode. S\u2019ocuparia de trobar amics a l\u2019esgl\u00e9sia, buscaria la pau, i evitaria l\u2019enemistat, per tal de ser elegida en el moment de l\u2019elecci\u00f3. I els companys s\u2019estimarien entre ells, a fi que, en l\u2019elecci\u00f3, un don\u00e9s suport a l\u2019altre. I aix\u00ed seria exal\u00e7at el cap\u00edtol, per l\u2019exaltaci\u00f3 que tindrien els germans a trav\u00e9s de la caritat, la just\u00edcia, la prud\u00e8ncia i les altres virtuts.<\/p>\n<p>I si s\u2019ha de fer una elecci\u00f3 sobre persones absents, es fa d\u2019acord amb el que s\u2019ha dit, etc.<\/p>\n<p>Aquesta forma d\u2019elecci\u00f3 es redact\u00e0 a Par\u00eds, l\u2019any 1299 de l\u2019encarnaci\u00f3 de nostre Senyor Jesucrist, el dia primer de juliol. Donem gr\u00e0cies a D\u00e9u.<\/p>\n<hr \/>\n<h4>Notes<\/h4>\n<p><small id=\"nota1\">[1]\u00a0Refer\u00e8ncia a l&#8217;obra <i>Ars generalis <\/i>.<\/small><br \/>\n<small id=\"notataula\">[2]\u00a0Corregit, literalment diu <i>el&thinsp;<\/i> en lloc de <i>ei&thinsp;<\/i>.<\/small><br \/>\n<small id=\"nota3\">[3]\u00a0El text llat\u00ed diu \u2018voces\u2019, \u00e9s a dir \u2018veus\u2019. Tanmateix, aqu\u00ed i en altres llocs ho tradu\u00efm per \u2018vots\u2019. Ho fem aix\u00ed sempre que les \u2018voces\u2019 s\u00f3n objecte de recompte.<\/small><\/p>\n<hr \/>\n","protected":false},"excerpt":{"rendered":"<p>Traducci\u00f3 al catal\u00e0 de l&#8217;obra &ensp;De arte eleccionis\u2009 &ensp;(Ramon Llull, 1299, n\u00fam.&nbsp;III.38 del cat\u00e0leg de Bonner) &ensp;a partir del text llat\u00ed establert per &ensp;G. H\u00e4gele i F. Pukelsheim (2001). Una bona elecci\u00f3 a la santa Esgl\u00e9sia \u00e9s molt necess\u00e0ria per tal d\u2019elegir persones corrents mitjan\u00e7ant les quals es governi l\u2019Esgl\u00e9sia i les quals lluitin contra els seus enemics pecadors, com els infidels i els cism\u00e0tics. I aix\u00f2 les persones corrents que s\u00f3n elegides.. <a class=\"read-more-link\" href=\"https:\/\/mat.uab.cat\/web\/arselectionis\/?page_id=472\">Llegir m\u00e9s<\/a><\/p>\n","protected":false},"author":42,"featured_media":0,"parent":0,"menu_order":0,"comment_status":"closed","ping_status":"closed","template":"","meta":{"footnotes":""},"class_list":["post-472","page","type-page","status-publish","hentry"],"_links":{"self":[{"href":"https:\/\/mat.uab.cat\/web\/arselectionis\/index.php?rest_route=\/wp\/v2\/pages\/472","targetHints":{"allow":["GET"]}}],"collection":[{"href":"https:\/\/mat.uab.cat\/web\/arselectionis\/index.php?rest_route=\/wp\/v2\/pages"}],"about":[{"href":"https:\/\/mat.uab.cat\/web\/arselectionis\/index.php?rest_route=\/wp\/v2\/types\/page"}],"author":[{"embeddable":true,"href":"https:\/\/mat.uab.cat\/web\/arselectionis\/index.php?rest_route=\/wp\/v2\/users\/42"}],"replies":[{"embeddable":true,"href":"https:\/\/mat.uab.cat\/web\/arselectionis\/index.php?rest_route=%2Fwp%2Fv2%2Fcomments&post=472"}],"version-history":[{"count":0,"href":"https:\/\/mat.uab.cat\/web\/arselectionis\/index.php?rest_route=\/wp\/v2\/pages\/472\/revisions"}],"wp:attachment":[{"href":"https:\/\/mat.uab.cat\/web\/arselectionis\/index.php?rest_route=%2Fwp%2Fv2%2Fmedia&parent=472"}],"curies":[{"name":"wp","href":"https:\/\/api.w.org\/{rel}","templated":true}]}}