{"id":11,"date":"2021-05-10T09:43:20","date_gmt":"2021-05-10T09:43:20","guid":{"rendered":"https:\/\/mat.uab.cat\/web\/cuadrado\/?page_id=11"},"modified":"2024-10-09T09:22:38","modified_gmt":"2024-10-09T09:22:38","slug":"inici","status":"publish","type":"page","link":"https:\/\/mat.uab.cat\/web\/cuadrado\/","title":{"rendered":"Home"},"content":{"rendered":"\n<p><\/p>\n\n\n\n<p><img loading=\"lazy\" decoding=\"async\" width=\"1440\" height=\"1441\" class=\"wp-image-54\" style=\"width: 150px\" src=\"http:\/\/mat.uab.cat\/web\/cuadrado\/wp-content\/uploads\/sites\/26\/2021\/05\/Silvia.jpg\" alt=\"\" srcset=\"https:\/\/mat.uab.cat\/web\/cuadrado\/wp-content\/uploads\/sites\/26\/2021\/05\/Silvia.jpg 1440w, https:\/\/mat.uab.cat\/web\/cuadrado\/wp-content\/uploads\/sites\/26\/2021\/05\/Silvia-300x300.jpg 300w, https:\/\/mat.uab.cat\/web\/cuadrado\/wp-content\/uploads\/sites\/26\/2021\/05\/Silvia-1024x1024.jpg 1024w, https:\/\/mat.uab.cat\/web\/cuadrado\/wp-content\/uploads\/sites\/26\/2021\/05\/Silvia-150x150.jpg 150w, https:\/\/mat.uab.cat\/web\/cuadrado\/wp-content\/uploads\/sites\/26\/2021\/05\/Silvia-768x769.jpg 768w, https:\/\/mat.uab.cat\/web\/cuadrado\/wp-content\/uploads\/sites\/26\/2021\/05\/Silvia-624x624.jpg 624w\" sizes=\"auto, (max-width: 1440px) 100vw, 1440px\" \/><\/p>\n\n\n<p>Associate Professor<\/p>\n<p>Departament de Matem\u00e0tiques<br \/>Universitat Aut\u00f2noma de Barcelona<br \/>08193 Cerdanyola del Vall\u00e8s (Spain)<br \/>Silvia.Cuadrado@uab.cat<\/p>\n<p>Coordinator of the <a href=\"_wp_link_placeholder\" data-wplink-edit=\"true\">Master&#8217;s Degree in Modelling Master for Science and Engineering<\/a> (UAB)<\/p>\n<p>Board Member of the <a href=\"https:\/\/www.esmtb.org\/\">European Society for Mathematical and Theoretical Biology<\/a> (2018-2023)<\/p>","protected":false},"excerpt":{"rendered":"<p>Associate Professor Departament de Matem\u00e0tiquesUniversitat Aut\u00f2noma de Barcelona08193 Cerdanyola del Vall\u00e8s (Spain)Silvia.Cuadrado@uab.cat Coordinator of the Master&#8217;s Degree in Modelling Master for Science and Engineering (UAB) Board Member of the European Society for Mathematical and Theoretical Biology (2018-2023)<\/p>\n","protected":false},"author":34,"featured_media":0,"parent":0,"menu_order":0,"comment_status":"closed","ping_status":"closed","template":"","meta":{"footnotes":""},"class_list":["post-11","page","type-page","status-publish","hentry"],"_links":{"self":[{"href":"https:\/\/mat.uab.cat\/web\/cuadrado\/wp-json\/wp\/v2\/pages\/11","targetHints":{"allow":["GET"]}}],"collection":[{"href":"https:\/\/mat.uab.cat\/web\/cuadrado\/wp-json\/wp\/v2\/pages"}],"about":[{"href":"https:\/\/mat.uab.cat\/web\/cuadrado\/wp-json\/wp\/v2\/types\/page"}],"author":[{"embeddable":true,"href":"https:\/\/mat.uab.cat\/web\/cuadrado\/wp-json\/wp\/v2\/users\/34"}],"replies":[{"embeddable":true,"href":"https:\/\/mat.uab.cat\/web\/cuadrado\/wp-json\/wp\/v2\/comments?post=11"}],"version-history":[{"count":17,"href":"https:\/\/mat.uab.cat\/web\/cuadrado\/wp-json\/wp\/v2\/pages\/11\/revisions"}],"predecessor-version":[{"id":148,"href":"https:\/\/mat.uab.cat\/web\/cuadrado\/wp-json\/wp\/v2\/pages\/11\/revisions\/148"}],"wp:attachment":[{"href":"https:\/\/mat.uab.cat\/web\/cuadrado\/wp-json\/wp\/v2\/media?parent=11"}],"curies":[{"name":"wp","href":"https:\/\/api.w.org\/{rel}","templated":true}]}}