{"id":119,"date":"2023-03-14T12:13:38","date_gmt":"2023-03-14T12:13:38","guid":{"rendered":"https:\/\/mat.uab.cat\/web\/cuadrado\/?page_id=119"},"modified":"2023-03-14T14:16:53","modified_gmt":"2023-03-14T14:16:53","slug":"books","status":"publish","type":"page","link":"https:\/\/mat.uab.cat\/web\/cuadrado\/books\/","title":{"rendered":"Books"},"content":{"rendered":"\n<ul class=\"wp-block-list\">\n<li><strong>Breu hist\u00f2ria dels models matem\u00e0tics en din\u00e0mica de poblacions<\/strong>. <em>Nicolas Baca\u00ebr amb Xavier Bardina i S\u00edlvia Cuadrado.<\/em> <\/li>\n<\/ul>\n\n\n\n<p>The pdf can be downloaded from <a href=\"https:\/\/mat.uab.cat\/~silvia\/breu.pdf\">here<\/a><\/p>\n\n\n\n<ul class=\"wp-block-list\">\n<li><strong>Matem\u00e1ticas y epidemias.<\/strong> <em>Nicolas Baca\u00ebr con Jordi Ripoll, Rafael Bravo de la Parra, Xavier Bardina y S\u00edlvia Cuadrado.<\/em> <\/li>\n<\/ul>\n\n\n\n<p>The pdf version can be downlowed from <a href=\"https:\/\/mat.uab.cat\/~silvia\/Matem%C3%A1ticasyEpidemias-NBacaer.pdf\">here<\/a><\/p>\n\n\n\n<p><\/p>\n","protected":false},"excerpt":{"rendered":"<p>The pdf can be downloaded from here The pdf version can be downlowed from here<\/p>\n","protected":false},"author":34,"featured_media":0,"parent":0,"menu_order":0,"comment_status":"closed","ping_status":"closed","template":"","meta":{"footnotes":""},"class_list":["post-119","page","type-page","status-publish","hentry"],"_links":{"self":[{"href":"https:\/\/mat.uab.cat\/web\/cuadrado\/wp-json\/wp\/v2\/pages\/119","targetHints":{"allow":["GET"]}}],"collection":[{"href":"https:\/\/mat.uab.cat\/web\/cuadrado\/wp-json\/wp\/v2\/pages"}],"about":[{"href":"https:\/\/mat.uab.cat\/web\/cuadrado\/wp-json\/wp\/v2\/types\/page"}],"author":[{"embeddable":true,"href":"https:\/\/mat.uab.cat\/web\/cuadrado\/wp-json\/wp\/v2\/users\/34"}],"replies":[{"embeddable":true,"href":"https:\/\/mat.uab.cat\/web\/cuadrado\/wp-json\/wp\/v2\/comments?post=119"}],"version-history":[{"count":9,"href":"https:\/\/mat.uab.cat\/web\/cuadrado\/wp-json\/wp\/v2\/pages\/119\/revisions"}],"predecessor-version":[{"id":137,"href":"https:\/\/mat.uab.cat\/web\/cuadrado\/wp-json\/wp\/v2\/pages\/119\/revisions\/137"}],"wp:attachment":[{"href":"https:\/\/mat.uab.cat\/web\/cuadrado\/wp-json\/wp\/v2\/media?parent=119"}],"curies":[{"name":"wp","href":"https:\/\/api.w.org\/{rel}","templated":true}]}}