{"id":31,"date":"2019-12-05T12:53:16","date_gmt":"2019-12-05T12:53:16","guid":{"rendered":"http:\/\/mat.uab.cat\/web\/mif\/?page_id=31"},"modified":"2024-06-03T10:42:08","modified_gmt":"2024-06-03T10:42:08","slug":"pla-destudis","status":"publish","type":"page","link":"https:\/\/mat.uab.cat\/web\/mif\/pla-destudis\/","title":{"rendered":"Pla d&#8217;estudis"},"content":{"rendered":"\n<table style=\"width: 100%;height: 117px\" width=\"100%\">\n<tbody>\n<tr style=\"height: 117px\">\n<td style=\"height: 117px\">\n<div>\n<p id=\"ctl00_PlaceHolderMain_ctl01_ctl01__ControlWrapper_RichHtmlField\" class=\"ms-rtestate-field\" style=\"text-align: justify\" aria-labelledby=\"ctl00_PlaceHolderMain_ctl01_ctl01_label\">L\u2019objectiu del programa \u00e9s formar analistes en l\u2019\u00e0mbit de les finances quantitatives, amb una comprensi\u00f3 profunda i cr\u00edtica dels models i m\u00e8todes emprats en aquest sector.&nbsp;Els graduats poden fer carrera en recerca, desenvolupament i innovaci\u00f3 en bancs i altres institucions financeres.&nbsp;Despr\u00e9s del m\u00e0ster, l&#8217;estudiant hauria d&#8217;adquirir les seg\u00fcents habilitats espec\u00edfiques i transferibles.<\/p>\n<\/div>\n<\/td>\n<\/tr>\n<\/tbody>\n<\/table>\n\n\n\n<h4 class=\"wp-block-heading\"><strong> Compet\u00e8ncies b\u00e0siques <\/strong><\/h4>\n\n\n\n<ul>\n<li>Posseir i comprendre coneixements que aportin una base o oportunitat de ser originals en el desenvolupament i\/o aplicaci\u00f3 d&#8217;idees.<\/li>\n<li>Que els estudiants s\u00e0piguen aplicar els coneixements adquirits i la seva capacitat de resoluci\u00f3 de problemes en entorns nous o poc coneguts dins de contextos m\u00e9s amplis (o multidisciplinaris) relatius al seu camp d&#8217;estudi.<\/li>\n<li>Que els estudiants siguin capa\u00e7os d&#8217;integrar coneixements i enfrontar-se a la complexitat de formular judicis a partir d&#8217;una informaci\u00f3 que, sent incompleta o limitada, inclogui reflexions sobre les responsabilitats socials i \u00e8tiques vinculades a l&#8217;aplicaci\u00f3 dels seus coneixements i judicis.<\/li>\n<li>Que els estudiants s\u00e0piguen comunicar les seves conclusions amb els coneixements i raons \u00faltimes que les sustenten a p\u00fablics especialitzats i no especialitzats d&#8217;una manera clara i sense ambig\u00fcitats.<\/li>\n<li>Que els estudiants tinguin les habilitats d&#8217;aprenentatge que els permetin continuar estudiant d&#8217;una manera que haur\u00e0 de ser en gran mesura autodirigida o aut\u00f2noma.<\/li>\n<\/ul>\n\n\n\n<h4 class=\"wp-block-heading\"><strong> Compet\u00e8ncies espec\u00edfiques <\/strong><\/h4>\n\n\n\n<ul>\n<li>Dominar i aplicar en la pr\u00e0ctica professional el funcionament i el llenguatge dels mercats financers.<\/li>\n<li>Utilitzar de forma avan\u00e7ada l&#8217;Estad\u00edstica i l&#8217;Econometria.<\/li>\n<li>Utilitzar la programaci\u00f3 en Visual Basic.<\/li>\n<li>Tenir coneixements avan\u00e7ats de processos estoc\u00e0stics i s\u00e8ries temporals.<\/li>\n<li>Aplicar m\u00e8todes de resoluci\u00f3 anal\u00edtica i de resoluci\u00f3 num\u00e8rica d&#8217;equacions en derivades parcials.<\/li>\n<li>Comprendre el funcionament de les assegurances.<\/li>\n<li>Aplicar la gesti\u00f3 de carteres en situacions reals.<\/li>\n<li>Aplicar la gesti\u00f3 del risc a entorns professionals.<\/li>\n<li>Utilitzar, a l&#8217;entorn financer, la gesti\u00f3 de derivats.<\/li>\n<li>Programar en Visual Basic en entorns professionals.<\/li>\n<li>Programar en SAS i en general utilitzar programari estad\u00edstic en la pr\u00e0ctica en empresa.<\/li>\n<li>Saber analitzar de forma avan\u00e7ada les Finances en general; en particular recon\u00e8ixer, manipular i veure gestionar els productes financers, els mercats financers, l&#8217;an\u00e0lisi fonamental i l&#8217;an\u00e0lisi t\u00e8cnica, les assegurances, els analisis de balan\u00e7os, la valoraci\u00f3 d&#8217;empreses financeres, les estrat\u00e8gies avan\u00e7ades de gesti\u00f3 financera, etc.<\/li>\n<\/ul>\n\n\n\n<h4 class=\"wp-block-heading\"><strong> Compet\u00e8ncies transversals <\/strong><\/h4>\n\n\n\n<ul>\n<li style=\"text-align: justify\">Dissenyar i desenvolupar models matem\u00e0tics de la realitat; en particular models que incorporin components aleat\u00f2ries i provar de validar-los en la pr\u00e0ctica real<\/li>\n<li style=\"text-align: justify\">Exposar i comunicar oralment i per escrit els models desenvolupats i les solucions obtingudes a problemes reals concrets.<\/li>\n<li style=\"text-align: justify\">Exposar i comunicar oralment i per escrit mem\u00f2ries i projectes.<\/li>\n<li style=\"text-align: justify\">Treballar en equip en entorns acad\u00e8mics i professionals.<\/li>\n<li style=\"text-align: justify\">Gestionar i usar la informaci\u00f3 bibliogr\u00e0fica o d&#8217;Internet i utilitzar-la en la redacci\u00f3 d&#8217;informes.<\/li>\n<\/ul>\n\n\n\n<h4 class=\"wp-block-heading\"> <strong>El m\u00e0ster est\u00e0 estructurat de la manera seg\u00fcent:<\/strong><\/h4>\n\n\n\n<p>&nbsp;<\/p>\n<table style=\"width: 100%;height: 434px\" width=\"392\">\n<tbody>\n<tr style=\"height: 62px\">\n<td style=\"border-style: double;border-color: #000000;background-color: #f2f569;height: 62px;width: 52.3664%\" width=\"204\">\n<p><strong>Assignatura<\/strong><\/p>\n<\/td>\n<td style=\"border-style: double;border-color: #000000;background-color: #f2f569;height: 62px;width: 23.9695%\" width=\"93\">\n<p><strong>Cr\u00e8dits ECTS<\/strong><\/p>\n<\/td>\n<td style=\"border-style: double;border-color: #000000;background-color: #f2f569;height: 62px;width: 23.5115%\" width=\"91\">\n<p><strong>Car\u00e0cter<\/strong><\/p>\n<\/td>\n<\/tr>\n<tr style=\"height: 62px\">\n<td style=\"border-style: double;border-color: #000000;background-color: #f2f569;height: 62px;width: 52.3664%\" width=\"204\">\n<p><strong>Introducci\u00f3 a les finances<\/strong><\/p>\n<\/td>\n<td style=\"border-style: double;border-color: #000000;background-color: #f2f569;height: 62px;width: 23.9695%\" width=\"93\">\n<p><strong>9<\/strong><\/p>\n<\/td>\n<td style=\"border-style: double;border-color: #000000;background-color: #f2f569;height: 62px;width: 23.5115%\" width=\"91\">\n<p><strong>Obligatori<\/strong><\/p>\n<\/td>\n<\/tr>\n<tr style=\"height: 62px\">\n<td style=\"border-style: double;border-color: #000000;background-color: #f2f569;height: 62px;width: 52.3664%\" width=\"204\">\n<p><strong>Matem\u00e0tica b\u00e0sica i programaci\u00f3<\/strong><\/p>\n<\/td>\n<td style=\"border-style: double;border-color: #000000;background-color: #f2f569;height: 62px;width: 23.9695%\" width=\"93\">\n<p><strong>9<\/strong><\/p>\n<\/td>\n<td style=\"border-style: double;border-color: #000000;background-color: #f2f569;height: 62px;width: 23.5115%\" width=\"91\">\n<p><strong>Obligatori<\/strong><\/p>\n<\/td>\n<\/tr>\n<tr style=\"height: 62px\">\n<td style=\"border-style: double;border-color: #000000;background-color: #f2f569;height: 62px;width: 52.3664%\" width=\"204\">\n<p><strong>Matem\u00e0tica avan\u00e7ada<\/strong><\/p>\n<\/td>\n<td style=\"border-style: double;border-color: #000000;background-color: #f2f569;height: 62px;width: 23.9695%\" width=\"93\">\n<p><strong>9<\/strong><\/p>\n<\/td>\n<td style=\"border-style: double;border-color: #000000;background-color: #f2f569;height: 62px;width: 23.5115%\" width=\"91\">\n<p><strong>Obligatori<\/strong><\/p>\n<\/td>\n<\/tr>\n<tr style=\"height: 62px\">\n<td style=\"border-style: double;border-color: #000000;background-color: #f2f569;height: 62px;width: 52.3664%\" width=\"204\">\n<p><strong>Gesti\u00f3 professional<\/strong><\/p>\n<\/td>\n<td style=\"border-style: double;border-color: #000000;background-color: #f2f569;height: 62px;width: 23.9695%\" width=\"93\">\n<p><strong>9<\/strong><\/p>\n<\/td>\n<td style=\"border-style: double;border-color: #000000;background-color: #f2f569;height: 62px;width: 23.5115%\" width=\"91\">\n<p><strong>Obligatori<\/strong><\/p>\n<\/td>\n<\/tr>\n<tr style=\"height: 62px\">\n<td style=\"border-style: double;border-color: #000000;background-color: #f2f569;height: 62px;width: 52.3664%\" width=\"204\">\n<p><strong>Pr\u00e0ctiques<\/strong><\/p>\n<\/td>\n<td style=\"border-style: double;border-color: #000000;background-color: #f2f569;height: 62px;width: 23.9695%\" width=\"93\">\n<p><strong>18<\/strong><\/p>\n<\/td>\n<td style=\"border-style: double;border-color: #000000;background-color: #f2f569;height: 62px;width: 23.5115%\" width=\"91\">\n<p><strong>Obligatori<\/strong><\/p>\n<\/td>\n<\/tr>\n<tr style=\"height: 62px\">\n<td style=\"border-style: double;border-color: #000000;background-color: #f2f569;height: 62px;width: 52.3664%\" width=\"204\">\n<p><strong>Treball fi de m\u00e0ster<\/strong><\/p>\n<\/td>\n<td style=\"border-style: double;border-color: #000000;background-color: #f2f569;height: 62px;width: 23.9695%\" width=\"93\">\n<p><strong>6<\/strong><\/p>\n<\/td>\n<td style=\"border-style: double;border-color: #000000;background-color: #f2f569;height: 62px;width: 23.5115%\" width=\"91\">\n<p><strong>Obligatori<\/strong><\/p>\n<\/td>\n<\/tr>\n<\/tbody>\n<\/table>\n\n\n\n<p style=\"text-align: justify\">Els estudiants desenvoluparan les assignatures seg\u00fcents, dividides en dos semestres.\u00a0<\/p>\n<table style=\"border-style: double;border-color: #000000;background-color: #f2f569;width: 100%\">\n<tbody>\n<tr style=\"border-style: double;border-color: #000000;background-color: #f2f569\">\n<td style=\"border-style: double;border-color: #000000;background-color: #f2f569;width: 11.4504%\">\n<p>Semestre<\/p>\n<\/td>\n<td style=\"border-style: double;border-color: #000000;background-color: #f2f569;width: 28.0916%\">\n<p>Assumpte<\/p>\n<\/td>\n<td style=\"border-style: double;border-color: #000000;background-color: #f2f569;width: 49.1603%\">\n<p>\u200b<\/p>\n<\/td>\n<td style=\"border-style: double;border-color: #000000;background-color: #f2f569;width: 10.8397%\">\n<p>Idioma<\/p>\n<\/td>\n<\/tr>\n<tr style=\"border-style: double;border-color: #000000;background-color: #f2f569\">\n<td style=\"border-style: double;border-color: #000000;background-color: #f2f569;width: 11.4504%\">\n<p>\u200b<\/p>\n<p>1<\/p>\n<\/td>\n<td style=\"border-style: double;border-color: #000000;background-color: #f2f569;width: 28.0916%\">\n<p>Productes i Mercats Financers<\/p>\n<\/td>\n<td style=\"border-style: double;border-color: #000000;background-color: #f2f569;width: 49.1603%\">\n<p>.Tipus d\u2019inter\u00e8s.\u00a0Productes financers<br \/>.Mercats financers<br \/>.An\u00e0lisi fonamental i t\u00e8cnica<br \/>.Reuters<\/p>\n<\/td>\n<td style=\"border-style: double;border-color: #000000;background-color: #f2f569;width: 10.8397%\">\n<p><br \/>Cat \/ Spa<\/p>\n<\/td>\n<\/tr>\n<tr style=\"border-style: double;border-color: #000000;background-color: #f2f569\">\n<td style=\"border-style: double;border-color: #000000;background-color: #f2f569;width: 11.4504%\">\n<p>\u200b<\/p>\n<p>1<\/p>\n<\/td>\n<td style=\"border-style: double;border-color: #000000;background-color: #f2f569;width: 28.0916%\">\n<p><br \/>Assegurances i finances\u200b<\/p>\n<\/td>\n<td style=\"border-style: double;border-color: #000000;background-color: #f2f569;width: 49.1603%\">\n<p>.Assegurances de vida<br \/>.Assegurances no de vida<br \/>.An\u00e0lisi del balan\u00e7<br \/>.Companyies financeres de qualificaci\u00f3<\/p>\n<\/td>\n<td style=\"border-style: double;border-color: #000000;background-color: #f2f569;width: 10.8397%\">\n<p><br \/>Cat \/ Spa<\/p>\n<\/td>\n<\/tr>\n<tr style=\"border-style: double;border-color: #000000;background-color: #f2f569\">\n<td style=\"border-style: double;border-color: #000000;background-color: #f2f569;width: 11.4504%\">\n<p>\u00a0<\/p>\n<p>1<\/p>\n<\/td>\n<td style=\"border-style: double;border-color: #000000;background-color: #f2f569;width: 28.0916%\">\n<p><br \/>Estrat\u00e8gies financeres\u200b<\/p>\n<\/td>\n<td style=\"border-style: double;border-color: #000000;background-color: #f2f569;width: 49.1603%\">\n<p>.Basic operations<br \/>.Futures and swaps strategies<br \/>.Options strategies<br \/>.Structured portfolio strategies<\/p>\n<\/td>\n<td style=\"border-style: double;border-color: #000000;background-color: #f2f569;width: 10.8397%\">\n<p><br \/>Angl\u00e8s<\/p>\n<\/td>\n<\/tr>\n<tr style=\"border-style: double;border-color: #000000;background-color: #f2f569\">\n<td style=\"border-style: double;border-color: #000000;background-color: #f2f569;width: 11.4504%\">\n<p>\u00a0<\/p>\n<p>1<\/p>\n<\/td>\n<td style=\"border-style: double;border-color: #000000;background-color: #f2f569;width: 28.0916%\">\n<p>\u00a0<\/p>\n<p>Programaci\u00f3<\/p>\n<\/td>\n<td style=\"border-style: double;border-color: #000000;background-color: #f2f569;width: 49.1603%\">\n<p>.Diagrames de flux<br \/>.Pseudocodi<br \/>.Introducci\u00f3 als objectes d&#8217;Excel<br \/>.Creaci\u00f3 efectiva d&#8217;aplicacions<br \/>.Introducci\u00f3 al Visual Basic per Aplicacions (VBA)<br \/>.Programaci\u00f3 en VBA<br \/>.Utilitats de VBA<br \/>.Interfases d&#8217;usuari<br \/>.Creaci\u00f3 de complements d&#8217;Excel<br \/>.Programaci\u00f3 amb SAS Enterprise Guide<br \/>.Introducci\u00f3 a les principals tasques anal\u00edtiques en el m\u00f3n de les finances<br \/>.Introducci\u00f3 a la programaci\u00f3 amb SAS Enterprise Guide<br \/>.Modelitzaci\u00f3 predictiva<br \/>.Segmentaci\u00f3 i an\u00e0lisi de cl\u00fasters<\/p>\n<\/td>\n<td style=\"border-style: double;border-color: #000000;background-color: #f2f569;width: 10.8397%\">\n<p>\u00a0<\/p>\n<p>Cat \/ Spa<\/p>\n<\/td>\n<\/tr>\n<tr style=\"border-style: double;border-color: #000000;background-color: #f2f569\">\n<td style=\"border-style: double;border-color: #000000;background-color: #f2f569;width: 11.4504%\">\n<p>\u00a0<\/p>\n<p>1<\/p>\n<\/td>\n<td style=\"border-style: double;border-color: #000000;background-color: #f2f569;width: 28.0916%\">\n<p><br \/>Estad\u00edstica<\/p>\n<\/td>\n<td style=\"border-style: double;border-color: #000000;background-color: #f2f569;width: 49.1603%\">\n<p>.El model lineal<br \/>.Estad\u00edstica multivariant<br \/>.Simulaci\u00f3<br \/>.Dades an\u00f2males<\/p>\n<\/td>\n<td style=\"border-style: double;border-color: #000000;background-color: #f2f569;width: 10.8397%\">\n<p><br \/>Angl\u00e8s<\/p>\n<\/td>\n<\/tr>\n<tr style=\"border-style: double;border-color: #000000;background-color: #f2f569\">\n<td style=\"border-style: double;border-color: #000000;background-color: #f2f569;width: 11.4504%\">\n<p>\u00a0<\/p>\n<p>1<\/p>\n<\/td>\n<td style=\"border-style: double;border-color: #000000;background-color: #f2f569;width: 28.0916%\">\n<p>\u00a0<\/p>\n<p>S\u00e8ries temporals<\/p>\n<\/td>\n<td style=\"border-style: double;border-color: #000000;background-color: #f2f569;width: 49.1603%\">\n<p>.An\u00e0lisi cl\u00e0ssica<br \/>.Processos de segon ordre.\u00a0Estacionalitat<br \/>.Models SARIMA<br \/>.Models GARCH<\/p>\n<\/td>\n<td style=\"border-style: double;border-color: #000000;background-color: #f2f569;width: 10.8397%\">\n<p><br \/>Cat \/ Spa<\/p>\n<\/td>\n<\/tr>\n<tr>\n<td style=\"border-style: double;border-color: #000000;background-color: #f2f569;width: 11.4504%\">\n<p>1<\/p>\n<\/td>\n<td style=\"border-style: double;border-color: #000000;background-color: #f2f569;width: 28.0916%\">\n<p>Computaci\u00f3 cient\u00edfica en riscos<\/p>\n<\/td>\n<td style=\"border-style: double;border-color: #000000;background-color: #f2f569;width: 49.1603%\">\n<p>Modelitzaci\u00f3 del valor i del canvi de valor d&#8217;actius financers. Estudi de mesures de risc i dels axiomes de coher\u00e8ncia. Simulaci\u00f3 de Monte Carlo per valorar derivats i reducci\u00f3 de la vari\u00e0ncia. Medici\u00f3 del risc en una cartera de derivats, c\u00e0lcul del VaR i Expected Shortfall amb el m\u00e8tode delta-gamma i amb simulaci\u00f3 de Monte Carlo.<\/p>\n<\/td>\n<td style=\"border-style: double;border-color: #000000;background-color: #f2f569;width: 10.8397%\">\n<p>Angl\u00e8s<\/p>\n<\/td>\n<\/tr>\n<tr style=\"border-style: double;border-color: #000000;background-color: #f2f569\">\n<td style=\"border-style: double;border-color: #000000;background-color: #f2f569;width: 11.4504%\">\n<p>\u00a0<\/p>\n<p>2<\/p>\n<\/td>\n<td style=\"border-style: double;border-color: #000000;background-color: #f2f569;width: 28.0916%\">\n<p><br \/>C\u00e0lcul estoc\u00e0stic<\/p>\n<\/td>\n<td style=\"border-style: double;border-color: #000000;background-color: #f2f569;width: 49.1603%\">\n<p>.Martingales a temps discret. El passeig aleatori<br \/>.Martingales a temps continu.\u00a0El moviment browni\u00e0<br \/>.Equacions diferencials estoc\u00e0stiques<br \/>.El proc\u00e9s de Poisson. Els processos de L\u00e9vy<\/p>\n<\/td>\n<td style=\"border-style: double;border-color: #000000;background-color: #f2f569;width: 10.8397%\">\n<p><br \/>Angl\u00e8s<\/p>\n<\/td>\n<\/tr>\n<tr style=\"border-style: double;border-color: #000000;background-color: #f2f569\">\n<td style=\"border-style: double;border-color: #000000;background-color: #f2f569;width: 11.4504%\">\n<p>\u200b<\/p>\n<p>2<\/p>\n<\/td>\n<td style=\"border-style: double;border-color: #000000;background-color: #f2f569;width: 28.0916%\">\n<p><br \/>Equacions en derivades parcials<\/p>\n<\/td>\n<td style=\"border-style: double;border-color: #000000;background-color: #f2f569;width: 49.1603%\">\n<p>.L\u2019equaci\u00f3 de Black-Scholes i l\u2019equaci\u00f3 de la calor<br \/>.Equacions parab\u00f2liques<br \/>.Opcions americanes<br \/>.Soluci\u00f3 num\u00e8rica d\u2019equacions<\/p>\n<\/td>\n<td style=\"border-style: double;border-color: #000000;background-color: #f2f569;width: 10.8397%\">\n<p><br \/>Angl\u00e8s<\/p>\n<\/td>\n<\/tr>\n<tr style=\"border-style: double;border-color: #000000;background-color: #f2f569\">\n<td style=\"border-style: double;border-color: #000000;background-color: #f2f569;width: 11.4504%\">\n<p>\u200b<\/p>\n<p>2<\/p>\n<\/td>\n<td style=\"border-style: double;border-color: #000000;background-color: #f2f569;width: 28.0916%\">\n<p><br \/>Econometria\u200b<\/p>\n<\/td>\n<td style=\"border-style: double;border-color: #000000;background-color: #f2f569;width: 49.1603%\">\n<p>.An\u00e0lisi econom\u00e8trica de mercats financers<br \/>.Extensions del model lineal<br \/>.Models no esf\u00e8rics<br \/>.Econometria de s\u00e8ries temporals<\/p>\n<\/td>\n<td style=\"border-style: double;border-color: #000000;background-color: #f2f569;width: 10.8397%\">\n<p><br \/>Cat \/ Spa<\/p>\n<\/td>\n<\/tr>\n<tr style=\"border-style: double;border-color: #000000;background-color: #f2f569\">\n<td style=\"border-style: double;border-color: #000000;background-color: #f2f569;width: 11.4504%\">\n<p>\u200b<\/p>\n<p>2<\/p>\n<\/td>\n<td style=\"border-style: double;border-color: #000000;background-color: #f2f569;width: 28.0916%\">\n<p><br \/>Gesti\u00f3 de carteres<\/p>\n<\/td>\n<td style=\"border-style: double;border-color: #000000;background-color: #f2f569;width: 49.1603%\">\n<p>.Selecci\u00f3 de carteres<br \/>.Models Markowitz, CAPM, Black i APT<br \/>.Monitoritzaci\u00f3 de carteres<br \/>.Gesti\u00f3<\/p>\n<\/td>\n<td style=\"border-style: double;border-color: #000000;background-color: #f2f569;width: 10.8397%\">\n<p><br \/>Cat \/ Spa<\/p>\n<\/td>\n<\/tr>\n<tr style=\"border-style: double;border-color: #000000;background-color: #f2f569\">\n<td style=\"border-style: double;border-color: #000000;background-color: #f2f569;width: 11.4504%\">\n<p>\u200b<\/p>\n<p>2<\/p>\n<\/td>\n<td style=\"border-style: double;border-color: #000000;background-color: #f2f569;width: 28.0916%\">\n<p><br \/>Gesti\u00f3 de Riscos<\/p>\n<\/td>\n<td style=\"border-style: double;border-color: #000000;background-color: #f2f569;width: 49.1603%\">\n<p>.Hedging of risk exposures<br \/>.Credit risk, interest rate risk and operational risk<br \/>.Integrated risk management<br \/>.Basel II guidelines<\/p>\n<\/td>\n<td style=\"border-style: double;border-color: #000000;background-color: #f2f569;width: 10.8397%\">\n<p><br \/>Angl\u00e8s<\/p>\n<\/td>\n<\/tr>\n<tr style=\"border-style: double;border-color: #000000;background-color: #f2f569\">\n<td style=\"border-style: double;border-color: #000000;background-color: #f2f569;width: 11.4504%\">\n<p>\u200b<\/p>\n<p>2<\/p>\n<\/td>\n<td style=\"border-style: double;border-color: #000000;background-color: #f2f569;width: 28.0916%\">\n<p><br \/>Gesti\u00f3 dels derivats financers<\/p>\n<\/td>\n<td style=\"border-style: double;border-color: #000000;background-color: #f2f569;width: 49.1603%\">\n<p>.Derivats.\u00a0No arbitratge.\u00a0El m\u00f3n pel risc neutre<br \/>.Model de Cox-Ross-Rubinstein<br \/>.Model de\u00a0Black-Scholes<br \/>.Volatilitat.<\/p>\n<\/td>\n<td style=\"border-style: double;border-color: #000000;background-color: #f2f569;width: 10.8397%\">\n<p><br \/>Cat \/ Spa<\/p>\n<\/td>\n<\/tr>\n<tr>\n<td style=\"border-style: double;border-color: #000000;background-color: #f2f569;width: 11.4504%\">\n<p>2<\/p>\n<\/td>\n<td style=\"border-style: double;border-color: #000000;background-color: #f2f569;width: 28.0916%\">\n<p>Introducci\u00f3 a la plataforma Eikon<\/p>\n<\/td>\n<td style=\"border-style: double;border-color: #000000;background-color: #f2f569;width: 49.1603%\">\n<p>Introducci\u00f3 a l&#8217;\u00fas del software d&#8217;an\u00e0lisi financer Thomson Reuters Eikon<\/p>\n<\/td>\n<td style=\"border-style: double;border-color: #000000;background-color: #f2f569;width: 10.8397%\">\n<p>Cat<\/p>\n<\/td>\n<\/tr>\n<\/tbody>\n<\/table>\n<p>\u00a0<\/p>\n<p>Les assignatures estan agrupades de la seg\u00fcent manera:<\/p>\n<table style=\"border-color: #000000;width: 92.5136%;border-style: double;background-color: #f2f569;height: 753px\" width=\"612\">\n<tbody>\n<tr style=\"border-style: double;border-color: #000000;background-color: #f2f569\">\n<td style=\"border-style: double;border-color: #000000;background-color: #f2f569;height: 154px;width: 48.9256%\" rowspan=\"4\" width=\"298\">\n<p>Introducci\u00f3 a les finances<\/p>\n<p>\u00a0<\/p>\n<\/td>\n<td style=\"border-style: double;border-color: #000000;background-color: #f2f569;height: 50px;width: 50.7438%\" width=\"309\">\n<p>Computaci\u00f3 cient\u00edfica en riscos\u200b<\/p>\n<\/td>\n<\/tr>\n<tr style=\"height: 49px\">\n<td style=\"border-style: double;border-color: #000000;background-color: #f2f569;width: 50.7438%;height: 49px\">\n<p>Estrat\u00e8gies financeres<\/p>\n<\/td>\n<\/tr>\n<tr style=\"border-style: double;border-color: #000000;background-color: #f2f569\">\n<td style=\"border-style: double;border-color: #000000;background-color: #f2f569;height: 55px;width: 50.7438%\" width=\"309\">\n<p>Productes i Mercats Financers<\/p>\n<\/td>\n<\/tr>\n<tr>\n<td style=\"border-style: double;border-color: #000000;background-color: #f2f569;width: 50.7438%\">\n<p>Assegurances i finances<\/p>\n<\/td>\n<\/tr>\n<tr style=\"border-style: double;border-color: #000000;background-color: #f2f569\">\n<td style=\"border-style: double;border-color: #000000;background-color: #f2f569;height: 220px;width: 48.9256%\" rowspan=\"3\" width=\"298\">\n<p>Matem\u00e0tica b\u00e0sica i programaci\u00f3<\/p>\n<\/td>\n<td style=\"border-style: double;border-color: #000000;background-color: #f2f569;height: 55px;width: 50.7438%\" width=\"309\">\n<p>Programaci\u00f3<\/p>\n<\/td>\n<\/tr>\n<tr style=\"border-style: double;border-color: #000000;background-color: #f2f569\">\n<td style=\"border-style: double;border-color: #000000;background-color: #f2f569;height: 55px;width: 50.7438%\" width=\"309\">\n<p>Estad\u00edstica<\/p>\n<\/td>\n<\/tr>\n<tr style=\"border-style: double;border-color: #000000;background-color: #f2f569\">\n<td style=\"border-style: double;border-color: #000000;background-color: #f2f569;height: 55px;width: 50.7438%\" width=\"309\">\n<p>S\u00e8ries de temporals<\/p>\n<\/td>\n<\/tr>\n<tr style=\"border-style: double;border-color: #000000;background-color: #f2f569\">\n<td style=\"border-style: double;border-color: #000000;background-color: #f2f569;height: 165px;width: 48.9256%\" rowspan=\"3\" width=\"298\">\n<p>Matem\u00e0tica avan\u00e7ada<\/p>\n<\/td>\n<td style=\"border-style: double;border-color: #000000;background-color: #f2f569;height: 55px;width: 50.7438%\" width=\"309\">\n<p>Econometria\u200b<\/p>\n<\/td>\n<\/tr>\n<tr style=\"border-style: double;border-color: #000000;background-color: #f2f569\">\n<td style=\"border-style: double;border-color: #000000;background-color: #f2f569;height: 55px;width: 50.7438%\" width=\"309\">\n<p>Equacions en derivades parcials<\/p>\n<\/td>\n<\/tr>\n<tr style=\"border-style: double;border-color: #000000;background-color: #f2f569\">\n<td style=\"border-style: double;border-color: #000000;background-color: #f2f569;height: 55px;width: 50.7438%\" width=\"309\">\n<p>C\u00e0lcul estoc\u00e0stic<\/p>\n<\/td>\n<\/tr>\n<tr style=\"border-style: double;border-color: #000000;background-color: #f2f569\">\n<td style=\"border-style: double;border-color: #000000;background-color: #f2f569;height: 165px;width: 48.9256%\" rowspan=\"3\" width=\"298\">\n<p>Gesti\u00f3 professional<\/p>\n<\/td>\n<td style=\"border-style: double;border-color: #000000;background-color: #f2f569;height: 55px;width: 50.7438%\" width=\"309\">\n<p>Gesti\u00f3 de carteres<\/p>\n<\/td>\n<\/tr>\n<tr style=\"border-style: double;border-color: #000000;background-color: #f2f569\">\n<td style=\"border-style: double;border-color: #000000;background-color: #f2f569;height: 55px;width: 50.7438%\" width=\"309\">\n<p>Gesti\u00f3 de Riscos<\/p>\n<\/td>\n<\/tr>\n<tr style=\"border-style: double;border-color: #000000;background-color: #f2f569\">\n<td style=\"border-style: double;border-color: #000000;background-color: #f2f569;height: 55px;width: 50.7438%\" width=\"309\">\n<p>Gesti\u00f3 dels derivats financers<\/p>\n<\/td>\n<\/tr>\n<tr style=\"height: 49px\">\n<td style=\"border-style: double;border-color: #000000;background-color: #f2f569;width: 48.9256%;height: 49px\">\n<p>\u00a0<\/p>\n<\/td>\n<td style=\"border-style: double;border-color: #000000;background-color: #f2f569;width: 50.7438%;height: 49px\">\n<p>Introducci\u00f3 a la plataforma Eikon<\/p>\n<\/td>\n<\/tr>\n<\/tbody>\n<\/table>\n","protected":false},"excerpt":{"rendered":"<p>L\u2019objectiu del programa \u00e9s formar analistes en l\u2019\u00e0mbit de les finances quantitatives, amb una comprensi\u00f3 profunda i cr\u00edtica dels models i m\u00e8todes emprats en aquest sector.&nbsp;Els graduats poden fer carrera en recerca, desenvolupament i innovaci\u00f3 en bancs i altres institucions financeres.&nbsp;Despr\u00e9s del m\u00e0ster, l&#8217;estudiant hauria d&#8217;adquirir les seg\u00fcents habilitats espec\u00edfiques i transferibles. Compet\u00e8ncies b\u00e0siques Posseir [&hellip;]<\/p>\n","protected":false},"author":58,"featured_media":0,"parent":0,"menu_order":5,"comment_status":"closed","ping_status":"closed","template":"","meta":{"footnotes":""},"class_list":["post-31","page","type-page","status-publish","hentry"],"_links":{"self":[{"href":"https:\/\/mat.uab.cat\/web\/mif\/wp-json\/wp\/v2\/pages\/31","targetHints":{"allow":["GET"]}}],"collection":[{"href":"https:\/\/mat.uab.cat\/web\/mif\/wp-json\/wp\/v2\/pages"}],"about":[{"href":"https:\/\/mat.uab.cat\/web\/mif\/wp-json\/wp\/v2\/types\/page"}],"author":[{"embeddable":true,"href":"https:\/\/mat.uab.cat\/web\/mif\/wp-json\/wp\/v2\/users\/58"}],"replies":[{"embeddable":true,"href":"https:\/\/mat.uab.cat\/web\/mif\/wp-json\/wp\/v2\/comments?post=31"}],"version-history":[{"count":42,"href":"https:\/\/mat.uab.cat\/web\/mif\/wp-json\/wp\/v2\/pages\/31\/revisions"}],"predecessor-version":[{"id":259,"href":"https:\/\/mat.uab.cat\/web\/mif\/wp-json\/wp\/v2\/pages\/31\/revisions\/259"}],"wp:attachment":[{"href":"https:\/\/mat.uab.cat\/web\/mif\/wp-json\/wp\/v2\/media?parent=31"}],"curies":[{"name":"wp","href":"https:\/\/api.w.org\/{rel}","templated":true}]}}